Last updated on 2025-11-11 18:50:00 CET.
| Flavor | Version | Tinstall | Tcheck | Ttotal | Status | Flags |
|---|---|---|---|---|---|---|
| r-devel-linux-x86_64-debian-clang | 0.6.2 | 7.82 | 152.33 | 160.15 | NOTE | |
| r-devel-linux-x86_64-debian-gcc | 0.6.2 | 5.73 | 107.39 | 113.12 | NOTE | |
| r-devel-linux-x86_64-fedora-clang | 0.6.2 | 21.00 | 229.78 | 250.78 | NOTE | |
| r-devel-linux-x86_64-fedora-gcc | 0.6.2 | 15.00 | 242.61 | 257.61 | NOTE | |
| r-devel-windows-x86_64 | 0.6.2 | 11.00 | 187.00 | 198.00 | NOTE | |
| r-patched-linux-x86_64 | 0.6.2 | 8.86 | 143.24 | 152.10 | NOTE | |
| r-release-linux-x86_64 | 0.6.2 | 8.26 | 142.40 | 150.66 | NOTE | |
| r-release-macos-arm64 | 0.6.2 | 3.00 | 77.00 | 80.00 | NOTE | |
| r-release-macos-x86_64 | 0.6.2 | 11.00 | 220.00 | 231.00 | NOTE | |
| r-release-windows-x86_64 | 0.6.2 | 15.00 | 184.00 | 199.00 | NOTE | |
| r-oldrel-macos-arm64 | 0.6.2 | 3.00 | 89.00 | 92.00 | OK | |
| r-oldrel-macos-x86_64 | 0.6.2 | 6.00 | 113.00 | 119.00 | OK | |
| r-oldrel-windows-x86_64 | 0.6.2 | 15.00 | 241.00 | 256.00 | OK |
Version: 0.6.2
Check: DESCRIPTION meta-information
Result: NOTE
Missing dependency on R >= 4.1.0 because package code uses the pipe
|> or function shorthand \(...) syntax added in R 4.1.0.
File(s) using such syntax:
‘accessors.R’ ‘export_json.R’ ‘extract.R’
Flavors: r-devel-linux-x86_64-debian-clang, r-devel-linux-x86_64-debian-gcc, r-devel-linux-x86_64-fedora-clang, r-devel-linux-x86_64-fedora-gcc, r-devel-windows-x86_64, r-patched-linux-x86_64, r-release-linux-x86_64, r-release-macos-arm64, r-release-macos-x86_64, r-release-windows-x86_64