Last updated on 2025-02-22 07:51:40 CET.
Flavor | Version | Tinstall | Tcheck | Ttotal | Status | Flags |
---|---|---|---|---|---|---|
r-devel-linux-x86_64-debian-clang | 2.1.1 | 3.98 | 39.95 | 43.93 | NOTE | |
r-devel-linux-x86_64-debian-gcc | 2.1.1 | 3.44 | 28.45 | 31.89 | NOTE | |
r-devel-linux-x86_64-fedora-clang | 2.1.1 | 71.47 | NOTE | |||
r-devel-linux-x86_64-fedora-gcc | 2.1.1 | 67.15 | NOTE | |||
r-devel-macos-arm64 | 2.1.1 | 26.00 | NOTE | |||
r-devel-macos-x86_64 | 2.1.1 | 49.00 | NOTE | |||
r-devel-windows-x86_64 | 2.1.1 | 5.00 | 64.00 | 69.00 | NOTE | |
r-patched-linux-x86_64 | 2.1.1 | 5.20 | 37.50 | 42.70 | NOTE | |
r-release-linux-x86_64 | 2.1.1 | 4.91 | 38.01 | 42.92 | NOTE | |
r-release-macos-arm64 | 2.1.1 | 24.00 | NOTE | |||
r-release-macos-x86_64 | 2.1.1 | 46.00 | NOTE | |||
r-release-windows-x86_64 | 2.1.1 | 6.00 | 65.00 | 71.00 | NOTE | |
r-oldrel-macos-arm64 | 2.1.1 | 27.00 | NOTE | |||
r-oldrel-macos-x86_64 | 2.1.1 | 37.00 | NOTE | |||
r-oldrel-windows-x86_64 | 2.1.1 | 6.00 | 69.00 | 75.00 | NOTE |
Version: 2.1.1
Check: Rd files
Result: NOTE
checkRd: (-1) pkb.Rd:14: Escaped LaTeX specials: \# \# \#
Flavors: r-devel-linux-x86_64-debian-clang, r-devel-linux-x86_64-debian-gcc, r-devel-linux-x86_64-fedora-clang, r-devel-linux-x86_64-fedora-gcc, r-devel-macos-arm64, r-devel-macos-x86_64, r-devel-windows-x86_64, r-patched-linux-x86_64, r-release-linux-x86_64, r-release-macos-arm64, r-release-macos-x86_64, r-release-windows-x86_64, r-oldrel-macos-arm64, r-oldrel-macos-x86_64, r-oldrel-windows-x86_64