Last updated on 2025-02-22 07:51:40 CET.
Flavor | Version | Tinstall | Tcheck | Ttotal | Status | Flags |
---|---|---|---|---|---|---|
r-devel-linux-x86_64-debian-clang | 0.9.1 | 3.94 | 24.90 | 28.84 | NOTE | |
r-devel-linux-x86_64-debian-gcc | 0.9.1 | 3.32 | 19.53 | 22.85 | NOTE | |
r-devel-linux-x86_64-fedora-clang | 0.9.1 | 45.23 | OK | |||
r-devel-linux-x86_64-fedora-gcc | 0.9.1 | 43.65 | OK | |||
r-devel-macos-arm64 | 0.9.1 | 19.00 | OK | |||
r-devel-macos-x86_64 | 0.9.1 | 46.00 | OK | |||
r-devel-windows-x86_64 | 0.9.1 | 7.00 | 52.00 | 59.00 | OK | |
r-patched-linux-x86_64 | 0.9.1 | 3.94 | 23.08 | 27.02 | OK | |
r-release-linux-x86_64 | 0.9.1 | 4.20 | 22.94 | 27.14 | OK | |
r-release-macos-arm64 | 0.9.1 | 20.00 | OK | |||
r-release-macos-x86_64 | 0.9.1 | 41.00 | OK | |||
r-release-windows-x86_64 | 0.9.1 | 8.00 | 47.00 | 55.00 | OK | |
r-oldrel-macos-arm64 | 0.9.1 | 19.00 | OK | |||
r-oldrel-macos-x86_64 | 0.9.1 | 25.00 | OK | |||
r-oldrel-windows-x86_64 | 0.9.1 | 8.00 | 48.00 | 56.00 | OK |
Version: 0.9.1
Check: for unstated dependencies in ‘demo’
Result: NOTE
'library' or 'require' call not declared from: ‘MASS’
Flavors: r-devel-linux-x86_64-debian-clang, r-devel-linux-x86_64-debian-gcc