Last updated on 2025-10-21 18:49:56 CEST.
Flavor | Version | Tinstall | Tcheck | Ttotal | Status | Flags |
---|---|---|---|---|---|---|
r-devel-linux-x86_64-debian-clang | 0.0.6 | 31.10 | 156.90 | 188.00 | NOTE | |
r-devel-linux-x86_64-debian-gcc | 0.0.6 | 22.33 | 106.88 | 129.21 | NOTE | |
r-devel-linux-x86_64-fedora-clang | 0.0.6 | 85.00 | 214.13 | 299.13 | NOTE | |
r-devel-linux-x86_64-fedora-gcc | 0.0.6 | 72.00 | 225.60 | 297.60 | NOTE | |
r-devel-windows-x86_64 | 0.0.6 | 35.00 | 204.00 | 239.00 | OK | |
r-patched-linux-x86_64 | 0.0.6 | 33.23 | 145.95 | 179.18 | OK | |
r-release-linux-x86_64 | 0.0.6 | 31.53 | 146.19 | 177.72 | OK | |
r-release-macos-arm64 | 0.0.6 | 15.00 | 79.00 | 94.00 | OK | |
r-release-macos-x86_64 | 0.0.6 | 42.00 | 230.00 | 272.00 | OK | |
r-release-windows-x86_64 | 0.0.6 | 38.00 | 195.00 | 233.00 | OK | |
r-oldrel-macos-arm64 | 0.0.6 | 15.00 | 70.00 | 85.00 | OK | |
r-oldrel-macos-x86_64 | 0.0.6 | 44.00 | 204.00 | 248.00 | OK | |
r-oldrel-windows-x86_64 | 0.0.6 | 45.00 | 241.00 | 286.00 | OK |
Version: 0.0.6
Check: CRAN incoming feasibility
Result: NOTE
Maintainer: ‘Bradley Buchsbaum <brad.buchsbaum@gmail.com>’
No Authors@R field in DESCRIPTION.
Please add one, modifying
Authors@R: c(person(given = c("Bradley", "R."),
family = "Buchsbaum",
role = "aut"),
person(given = "Bradley",
family = "Buchsbaum",
role = "cre",
email = "brad.buchsbaum@gmail.com"))
as necessary.
Flavors: r-devel-linux-x86_64-debian-clang, r-devel-linux-x86_64-debian-gcc
Version: 0.0.6
Check: HTML version of manual
Result: NOTE
Found the following HTML validation problems:
BinaryReader.html:63:1 (BinaryReader.Rd:19): Warning: missing </ul> before </div>
BootstrapSearchlight.html:58:1 (BootstrapSearchlight.Rd:16): Warning: missing </ul> before </div>
ColumnReader.html:54:1 (ColumnReader.Rd:14): Warning: missing </ul> before </div>
IndexLookupVolume-class.html:53:1 (IndexLookupVolume-class.Rd:14): Warning: missing </ul> before </div>
Kernel.html:58:1 (Kernel.Rd:16): Warning: missing </ul> before </div>
NIMLSurfaceDataMetaInfo.html:50:1 (NIMLSurfaceDataMetaInfo.Rd:12): Warning: missing </ul> before </div>
RandomSearchlight.html:50:1 (RandomSearchlight.Rd:12): Warning: missing </ul> before </div>
Searchlight.html:50:1 (Searchlight.Rd:12): Warning: missing </ul> before </div>
SurfaceDataMetaInfo.html:50:1 (SurfaceDataMetaInfo.Rd:12): Warning: missing </ul> before </div>
SurfaceGeometryMetaInfo.html:50:1 (SurfaceGeometryMetaInfo.Rd:12): Warning: missing </ul> before </div>
as.array-BrainData-method.html:47:1 (as.array-BrainData-method.Rd:11): Warning: missing </ul> before </div>
as.list-methods.html:52:1 (as.list-methods.Rd:14): Warning: missing </ul> before </div>
as.mask-methods.html:56:1 (as.mask-methods.Rd:19): Warning: missing </ul> before </div>
as.matrix-BrainData-method.html:47:1 (as.matrix-BrainData-method.Rd:11): Warning: missing </ul> before </div>
as.matrix-methods.html:52:1 (as.matrix-methods.Rd:14): Warning: missing </ul> before </div>
as.numeric-methods.html:47:1 (as.numeric-methods.Rd:11): Warning: missing </ul> before </div>
as.raster-methods.html:51:1 (as.raster-methods.Rd:13): Warning: missing </ul> before </div>
as.vector-BrainData-method.html:47:1 (as.vector-BrainData-method.Rd:11): Warning: missing </ul> before </div>
axes-methods.html:52:1 (axes-methods.Rd:17): Warning: missing </ul> before </div>
close-methods.html:50:1 (close-methods.Rd:14): Warning: missing </ul> before </div>
clusterCenters-methods.html:57:1 (clusterCenters-methods.Rd:18): Warning: missing </ul> before </div>
connComp-methods.html:72:1 (connComp-methods.Rd:25): Warning: missing </ul> before </div>
coords-methods.html:65:1 (coords-methods.Rd:24): Warning: missing </ul> before </div>
dataReader-methods.html:59:1 (dataReader-methods.Rd:22): Warning: missing </ul> before </div>
dim-BrainData-method.html:47:1 (dim-BrainData-method.Rd:11): Warning: missing </ul> before </div>
dim-BrainSpace-method.html:47:1 (dim-BrainSpace-method.Rd:11): Warning: missing </ul> before </div>
dim-FileMetaInfo-method.html:47:1 (dim-FileMetaInfo-method.Rd:11): Warning: missing </ul> before </div>
eachSlice-methods.html:64:1 (eachSlice-methods.Rd:23): Warning: missing </ul> before </div>
image-methods.html:80:1 (image-methods.Rd:30): Warning: missing </ul> before </div>
imageGrid.html:75:1 (imageGrid.Rd:25): Warning: missing </ul> before </div>
indices-methods.html:57:1 (indices-methods.Rd:20): Warning: missing </ul> before </div>
length-methods.html:50:1 (length-methods.Rd:14): Warning: missing </ul> before </div>
loadBucket.html:54:1 (loadBucket.Rd:14): Warning: missing </ul> before </div>
loadFSSurface.html:46:1 (loadFSSurface.Rd:10): Warning: missing </ul> before </div>
lookup-methods.html:62:1 (lookup-methods.Rd:21): Warning: missing </ul> before </div>
map-methods.html:63:1 (map-methods.Rd:20): Warning: missing </ul> before </div>
mapToColors.html:59:1 (mapToColors.Rd:17): Warning: missing </ul> before </div>
matchAnatomy2D.html:50:1 (matchAnatomy2D.Rd:12): Warning: missing </ul> before </div>
matchAnatomy3D.html:54:1 (matchAnatomy3D.Rd:14): Warning: missing </ul> before </div>
mergePartitions-methods.html:63:1 (mergePartitions-methods.Rd:20): Warning: missing </ul> before </div>
names-methods.html:50:1 (names-methods.Rd:14): Warning: missing </ul> before </div>
numClusters-methods.html:51:1 (numClusters-methods.Rd:14): Warning: missing </ul> before </div>
overlay-methods.html:73:1 (overlay-methods.Rd:28): Warning: missing </ul> before </div>
partition-methods.html:68:1 (partition-methods.Rd:23): Warning: missing </ul> before </div>
permMat-methods.html:55:1 (permMat-methods.Rd:16): Warning: missing </ul> before </div>
pick-methods.html:54:1 (pick-methods.Rd:14): Warning: missing </ul> before </div>
print-AxisSet2D-method.html:51:1 (print-AxisSet2D-method.Rd:13): Warning: missing </ul> before </div>
print-AxisSet3D-method.html:51:1 (print-AxisSet3D-method.Rd:13): Warning: missing </ul> before </div>
print-NamedAxis-method.html:51:1 (print-NamedAxis-method.Rd:13): Warning: missing </ul> before </div>
print-methods.html:50:1 (print-methods.Rd:12): Warning: missing </ul> before </div>
readAFNIHeader.html:46:1 (readAFNIHeader.Rd:10): Warning: missing </ul> before </div>
readMetaInfo-methods.html:62:1 (readMetaInfo-methods.Rd:25): Warning: missing </ul> before </div>
render-methods.html:78:1 (render-methods.Rd:29): Warning: missing </ul> before </div>
renderSlice-methods.html:82:1 (renderSlice-methods.Rd:33): Warning: missing </ul> before </div>
series-methods.html:74:1 (series-methods.Rd:31): Warning: missing </ul> before </div>
show-AxisSet1D-method.html:47:1 (show-AxisSet1D-method.Rd:11): Warning: missing </ul> before </div>
show-AxisSet2D-method.html:47:1 (show-AxisSet2D-method.Rd:11): Warning: missing </ul> before </div>
show-AxisSet3D-method.html:47:1 (show-AxisSet3D-method.Rd:11): Warning: missing </ul> before </div>
show-AxisSet4D-method.html:47:1 (show-AxisSet4D-method.Rd:11): Warning: missing </ul> before </div>
show-BaseMetaInfo-method.html:47:1 (show-BaseMetaInfo-method.Rd:11): Warning: missing </ul> before </div>
show-BrainSpace-method.html:47:1 (show-BrainSpace-method.Rd:11): Warning: missing </ul> before </div>
show-BrainVector-method.html:47:1 (show-BrainVector-method.Rd:11): Warning: missing </ul> before </div>
show-BrainVectorSource-method.html:47:1 (show-BrainVectorSource-method.Rd:11): Warning: missing </ul> before </div>
show-BrainVolume-method.html:47:1 (show-BrainVolume-method.Rd:11): Warning: missing </ul> before </div>
show-FileMetaInfo-method.html:47:1 (show-FileMetaInfo-method.Rd:11): Warning: missing </ul> before </div>
show-NamedAxis-method.html:47:1 (show-NamedAxis-method.Rd:11): Warning: missing </ul> before </div>
show-NullMetaInfo-method.html:47:1 (show-NullMetaInfo-method.Rd:11): Warning: missing </ul> before </div>
show-ROIVolume-method.html:47:1 (show-ROIVolume-method.Rd:11): Warning: missing </ul> before </div>
show-SparseBrainVector-method.html:47:1 (show-SparseBrainVector-method.Rd:11): Warning: missing </ul> before </div>
show-SurfaceDataMetaInfo-method.html:47:1 (show-SurfaceDataMetaInfo-method.Rd:11): Warning: missing </ul> before </div>
show-SurfaceGeometryMetaInfo-method.html:47:1 (show-SurfaceGeometryMetaInfo-method.Rd:11): Warning: missing </ul> before </div>
slice-methods.html:66:1 (slice-methods.Rd:23): Warning: missing </ul> before </div>
sliceData.html:54:1 (sliceData.Rd:14): Warning: missing </ul> before </div>
sub-BrainBucket-index-missing-ANY-method.html:51:1 (sub-BrainBucket-index-missing-ANY-method.Rd:13): Warning: missing </ul> before </div>
sub-ROIVolume-numeric-missing-ANY-method.html:59:1 (sub-ROIVolume-numeric-missing-ANY-method.Rd:17): Warning: missing </ul> before </div>
sub-SparseBrainVector-missing-missing-ANY-method.html:72:1 (sub-SparseBrainVector-missing-missing-ANY-method.Rd:24): Warning: missing </ul> before </div>
sub-SparseBrainVector-missing-numeric-ANY-method.html:72:1 (sub-SparseBrainVector-missing-numeric-ANY-method.Rd:24): Warning: missing </ul> before </div>
sub-SparseBrainVector-numeric-missing-ANY-method.html:72:1 (sub-SparseBrainVector-numeric-missing-ANY-method.Rd:24): Warning: missing </ul> before </div>
sub-SparseBrainVector-numeric-numeric-ANY-method.html:72:1 (sub-SparseBrainVector-numeric-numeric-ANY-method.Rd:24): Warning: missing </ul> before </div>
sub-SparseBrainVolume-matrix-missing-ANY-method.html:68:1 (sub-SparseBrainVolume-matrix-missing-ANY-method.Rd:22): Warning: missing </ul> before </div>
sub-SparseBrainVolume-missing-missing-ANY-method.html:68:1 (sub-SparseBrainVolume-missing-missing-ANY-method.Rd:22): Warning: missing </ul> before </div>
sub-SparseBrainVolume-missing-numeric-ANY-method.html:68:1 (sub-SparseBrainVolume-missing-numeric-ANY-method.Rd:22): Warning: missing </ul> before </div>
sub-SparseBrainVolume-numeric-missing-missing-method.html:67:1 (sub-SparseBrainVolume-numeric-missing-missing-method.Rd:21): Warning: missing </ul> before </div>
sub-SparseBrainVolume-numeric-numeric-ANY-method.html:68:1 (sub-SparseBrainVolume-numeric-numeric-ANY-method.Rd:22): Warning: missing </ul> before </div>
sub-sub-BrainBucket-index-missing-method.html:51:1 (sub-sub-BrainBucket-index-missing-method.Rd:13): Warning: missing </ul> before </div>
takeSeries-methods.html:54:1 (takeSeries-methods.Rd:14): Warning: missing </ul> before </div>
tesselate-methods.html:68:1 (tesselate-methods.Rd:23): Warning: missing </ul> before </div>
values-methods.html:53:1 (values-methods.Rd:16): Warning: missing </ul> before </div>
voxels-methods.html:57:1 (voxels-methods.Rd:18): Warning: missing </ul> before </div>
writeElements-methods.html:55:1 (writeElements-methods.Rd:16): Warning: missing </ul> before </div>
Flavors: r-devel-linux-x86_64-debian-clang, r-devel-linux-x86_64-debian-gcc
Version: 0.0.6
Check: compiled code
Result: NOTE
File ‘neuroim/libs/neuroim.so’:
Found no calls to: ‘R_registerRoutines’, ‘R_useDynamicSymbols’
It is good practice to register native routines and to disable symbol
search.
See ‘Writing portable packages’ in the ‘Writing R Extensions’ manual.
Flavors: r-devel-linux-x86_64-fedora-clang, r-devel-linux-x86_64-fedora-gcc