Last updated on 2025-10-30 17:50:06 CET.
| Flavor | Version | Tinstall | Tcheck | Ttotal | Status | Flags | 
|---|---|---|---|---|---|---|
| r-devel-linux-x86_64-debian-clang | 1.2-2 | 28.04 | 44.37 | 72.41 | NOTE | |
| r-devel-linux-x86_64-debian-gcc | 1.2-2 | 16.86 | 33.93 | 50.79 | NOTE | |
| r-devel-linux-x86_64-fedora-clang | 1.2-2 | 48.00 | 68.49 | 116.49 | OK | |
| r-devel-linux-x86_64-fedora-gcc | 1.2-2 | 62.00 | 50.58 | 112.58 | OK | |
| r-devel-windows-x86_64 | 1.2-2 | 33.00 | 83.00 | 116.00 | OK | |
| r-patched-linux-x86_64 | 1.2-2 | 27.69 | 42.93 | 70.62 | OK | |
| r-release-linux-x86_64 | 1.2-2 | 26.44 | 42.52 | 68.96 | OK | |
| r-release-macos-arm64 | 1.2-2 | 12.00 | 25.00 | 37.00 | OK | |
| r-release-macos-x86_64 | 1.2-2 | 21.00 | 44.00 | 65.00 | OK | |
| r-release-windows-x86_64 | 1.2-2 | 32.00 | 81.00 | 113.00 | OK | |
| r-oldrel-macos-arm64 | 1.2-2 | 11.00 | 49.00 | 60.00 | OK | |
| r-oldrel-macos-x86_64 | 1.2-2 | 18.00 | 38.00 | 56.00 | OK | |
| r-oldrel-windows-x86_64 | 1.2-2 | 39.00 | 95.00 | 134.00 | OK | 
Version: 1.2-2
Check: CRAN incoming feasibility
Result: NOTE
  Maintainer: ‘John Hughes <drjphughesjr@gmail.com>’
  
  No Authors@R field in DESCRIPTION.
  Please add one, modifying
    Authors@R: c(person(given = "John",
                        family = "Hughes",
                        role = c("aut", "cre"),
                        email = "drjphughesjr@gmail.com"),
                 person(given = "Xiaohui",
                        family = "Cui",
                        role = "aut"))
  as necessary.
  
  Package CITATION file contains call(s) to old-style personList() or
  as.personList().  Please use c() on person objects instead.
  Package CITATION file contains call(s) to old-style citEntry().  Please
  use bibentry() instead.
  
  The Description field contains
    Bayesian spatial filtering model of Hughes (2017) <arXiv:1706.04651>.
  Please refer to arXiv e-prints via their arXiv DOI <doi:10.48550/arXiv.YYMM.NNNNN>.
Flavors: r-devel-linux-x86_64-debian-clang, r-devel-linux-x86_64-debian-gcc