Last updated on 2025-11-11 18:50:00 CET.
| Flavor | Version | Tinstall | Tcheck | Ttotal | Status | Flags |
|---|---|---|---|---|---|---|
| r-devel-linux-x86_64-debian-clang | 0.1.20 | 31.50 | 251.32 | 282.82 | NOTE | |
| r-devel-linux-x86_64-debian-gcc | 0.1.20 | 18.16 | 157.25 | 175.41 | NOTE | |
| r-devel-linux-x86_64-fedora-clang | 0.1.20 | 66.00 | 381.71 | 447.71 | NOTE | |
| r-devel-linux-x86_64-fedora-gcc | 0.1.20 | 59.00 | 379.16 | 438.16 | NOTE | |
| r-devel-windows-x86_64 | 0.1.20 | 26.00 | 200.00 | 226.00 | NOTE | |
| r-patched-linux-x86_64 | 0.1.20 | 29.22 | 236.54 | 265.76 | NOTE | |
| r-release-linux-x86_64 | 0.1.20 | 29.10 | 235.64 | 264.74 | NOTE | |
| r-release-macos-arm64 | 0.1.20 | 12.00 | 85.00 | 97.00 | NOTE | |
| r-release-macos-x86_64 | 0.1.20 | 28.00 | 204.00 | 232.00 | NOTE | |
| r-release-windows-x86_64 | 0.1.20 | 28.00 | 196.00 | 224.00 | NOTE | |
| r-oldrel-macos-arm64 | 0.1.20 | 11.00 | 77.00 | 88.00 | NOTE | |
| r-oldrel-macos-x86_64 | 0.1.20 | 19.00 | 131.00 | 150.00 | NOTE | |
| r-oldrel-windows-x86_64 | 0.1.20 | 39.00 | 260.00 | 299.00 | NOTE |
Version: 0.1.20
Check: Rd files
Result: NOTE
checkRd: (-1) nichevol_bars.Rd:80: Lost braces; missing escapes or markup?
80 | \item if (ancestor == present & descendant == absent) {change <- "retraction"}
| ^
checkRd: (-1) nichevol_bars.Rd:81: Lost braces; missing escapes or markup?
81 | \item if (ancestor == present & descendant == present) {change <- "no_change"}
| ^
checkRd: (-1) nichevol_bars.Rd:82: Lost braces; missing escapes or markup?
82 | \item if (ancestor == present & descendant == unknown) {change <- "no_change"}
| ^
checkRd: (-1) nichevol_bars.Rd:83: Lost braces; missing escapes or markup?
83 | \item if (ancestor == absent & descendant == present) {change <- "expansion"}
| ^
checkRd: (-1) nichevol_bars.Rd:84: Lost braces; missing escapes or markup?
84 | \item if (ancestor == absent & descendant == absent) {change <- "no_change"}
| ^
checkRd: (-1) nichevol_bars.Rd:85: Lost braces; missing escapes or markup?
85 | \item if (ancestor == absent & descendant == unknown) {change <- "no_change"}
| ^
checkRd: (-1) nichevol_bars.Rd:86: Lost braces; missing escapes or markup?
86 | \item if (ancestor == unknown & descendant == absent) {change <- "no_change"}
| ^
checkRd: (-1) nichevol_bars.Rd:87: Lost braces; missing escapes or markup?
87 | \item if (ancestor == unknown & descendant == present) {change <- "no_change"}
| ^
checkRd: (-1) nichevol_bars.Rd:88: Lost braces; missing escapes or markup?
88 | \item if (ancestor == unknown & descendant == unknown) {change <- "no_change"}
| ^
checkRd: (-1) nichevol_labels.Rd:70: Lost braces; missing escapes or markup?
70 | \item if (ancestor == present & descendant == absent) {change <- "retraction"}
| ^
checkRd: (-1) nichevol_labels.Rd:71: Lost braces; missing escapes or markup?
71 | \item if (ancestor == present & descendant == present) {change <- "no_change"}
| ^
checkRd: (-1) nichevol_labels.Rd:72: Lost braces; missing escapes or markup?
72 | \item if (ancestor == present & descendant == unknown) {change <- "no_change"}
| ^
checkRd: (-1) nichevol_labels.Rd:73: Lost braces; missing escapes or markup?
73 | \item if (ancestor == absent & descendant == present) {change <- "expansion"}
| ^
checkRd: (-1) nichevol_labels.Rd:74: Lost braces; missing escapes or markup?
74 | \item if (ancestor == absent & descendant == absent) {change <- "no_change"}
| ^
checkRd: (-1) nichevol_labels.Rd:75: Lost braces; missing escapes or markup?
75 | \item if (ancestor == absent & descendant == unknown) {change <- "no_change"}
| ^
checkRd: (-1) nichevol_labels.Rd:76: Lost braces; missing escapes or markup?
76 | \item if (ancestor == unknown & descendant == absent) {change <- "no_change"}
| ^
checkRd: (-1) nichevol_labels.Rd:77: Lost braces; missing escapes or markup?
77 | \item if (ancestor == unknown & descendant == present) {change <- "no_change"}
| ^
checkRd: (-1) nichevol_labels.Rd:78: Lost braces; missing escapes or markup?
78 | \item if (ancestor == unknown & descendant == unknown) {change <- "no_change"}
| ^
Flavors: r-devel-linux-x86_64-debian-clang, r-devel-linux-x86_64-debian-gcc, r-devel-linux-x86_64-fedora-clang, r-devel-linux-x86_64-fedora-gcc, r-devel-windows-x86_64, r-patched-linux-x86_64, r-release-linux-x86_64, r-release-macos-arm64, r-release-macos-x86_64, r-release-windows-x86_64, r-oldrel-macos-arm64, r-oldrel-macos-x86_64, r-oldrel-windows-x86_64