Last updated on 2025-10-21 18:49:56 CEST.
Flavor | Version | Tinstall | Tcheck | Ttotal | Status | Flags |
---|---|---|---|---|---|---|
r-devel-linux-x86_64-debian-clang | 1.0.1 | 14.73 | 200.46 | 215.19 | NOTE | |
r-devel-linux-x86_64-debian-gcc | 1.0.1 | 13.21 | 155.23 | 168.44 | NOTE | |
r-devel-linux-x86_64-fedora-clang | 1.0.1 | 52.00 | 285.48 | 337.48 | NOTE | |
r-devel-linux-x86_64-fedora-gcc | 1.0.1 | 31.00 | 306.12 | 337.12 | NOTE | |
r-devel-windows-x86_64 | 1.0.1 | 31.00 | 191.00 | 222.00 | NOTE | |
r-patched-linux-x86_64 | 1.0.1 | 15.01 | 194.75 | 209.76 | NOTE | |
r-release-linux-x86_64 | 1.0.1 | 14.10 | 191.97 | 206.07 | NOTE | |
r-release-macos-arm64 | 1.0.1 | 7.00 | 83.00 | 90.00 | NOTE | |
r-release-macos-x86_64 | 1.0.1 | 14.00 | 149.00 | 163.00 | NOTE | |
r-release-windows-x86_64 | 1.0.1 | 20.00 | 196.00 | 216.00 | NOTE | |
r-oldrel-macos-arm64 | 1.0.1 | 7.00 | 84.00 | 91.00 | NOTE | |
r-oldrel-macos-x86_64 | 1.0.1 | 11.00 | 126.00 | 137.00 | NOTE | |
r-oldrel-windows-x86_64 | 1.0.1 | 26.00 | 241.00 | 267.00 | NOTE |
Version: 1.0.1
Check: CRAN incoming feasibility
Result: NOTE
Maintainer: ‘David Benkeser <benkeser@emory.edu>’
Found the following URLs which should use \doi (with the DOI name only):
File ‘wine.Rd’:
https://doi.org/10.1016/j.dss.2009.05.016
Flavors: r-devel-linux-x86_64-debian-clang, r-devel-linux-x86_64-debian-gcc
Version: 1.0.1
Check: Rd files
Result: NOTE
checkRd: (-1) dot-make_long_data.Rd:44: Lost braces; missing escapes or markup?
44 | training sample), psi (the value of this observations Psihat(P_{n,B_n}^0)),
| ^
checkRd: (-1) dot-make_long_data_nested_cv.Rd:49: Lost braces; missing escapes or markup?
49 | training sample), psi (the value of this observations Psihat(P_{n,B_n}^0)),
| ^
Flavors: r-devel-linux-x86_64-debian-clang, r-devel-linux-x86_64-debian-gcc, r-devel-linux-x86_64-fedora-clang, r-devel-linux-x86_64-fedora-gcc, r-devel-windows-x86_64, r-patched-linux-x86_64, r-release-linux-x86_64, r-release-macos-arm64, r-release-macos-x86_64, r-release-windows-x86_64, r-oldrel-macos-arm64, r-oldrel-macos-x86_64, r-oldrel-windows-x86_64
Version: 1.0.1
Check: HTML version of manual
Result: NOTE
Found the following HTML validation problems:
dot-get_cv_estim.html:62:1 (dot-get_cv_estim.Rd:18): Warning: missing </ul> before </div>
dot-get_density.html:93:1 (dot-get_density.Rd:39): Warning: missing </ul> before </div>
dot-get_nested_cv_quantile.html:64:1 (dot-get_nested_cv_quantile.Rd:19): Warning: missing </ul> before </div>
dot-get_one_fold.html:62:1 (dot-get_one_fold.Rd:18): Warning: missing </ul> before </div>
dot-get_quantile.html:56:1 (dot-get_quantile.Rd:15): Warning: missing </ul> before </div>
dot-make_targeting_data.html:78:1 (dot-make_targeting_data.Rd:30): Warning: missing </ul> before </div>
dot-process_input.html:79:1 (dot-process_input.Rd:33): Warning: missing </ul> before </div>
print.cvauc.html:59:1 (print.cvauc.Rd:16): Warning: missing </ul> before </div>
print.scrnp.html:59:1 (print.scrnp.Rd:16): Warning: missing </ul> before </div>
Flavors: r-devel-linux-x86_64-debian-clang, r-devel-linux-x86_64-debian-gcc