CRAN Package Check Results for Package nmixgof

Last updated on 2025-02-21 19:50:34 CET.

Flavor Version Tinstall Tcheck Ttotal Status Flags
r-devel-linux-x86_64-debian-clang 0.1.1 13.03 45.65 58.68 OK
r-devel-linux-x86_64-debian-gcc 0.1.1 9.75 34.83 44.58 OK
r-devel-linux-x86_64-fedora-clang 0.1.1 98.03 OK
r-devel-linux-x86_64-fedora-gcc 0.1.1 93.76 OK
r-devel-macos-arm64 0.1.1 8.00 ERROR
r-devel-macos-x86_64 0.1.1 63.00 OK
r-devel-windows-x86_64 0.1.1 16.00 93.00 109.00 OK
r-patched-linux-x86_64 0.1.1 11.93 43.35 55.28 OK
r-release-linux-x86_64 0.1.1 13.15 43.47 56.62 OK
r-release-macos-arm64 0.1.1 35.00 OK
r-release-macos-x86_64 0.1.1 77.00 OK
r-release-windows-x86_64 0.1.1 17.00 93.00 110.00 OK
r-oldrel-macos-arm64 0.1.0 36.00 OK
r-oldrel-macos-x86_64 0.1.1 79.00 OK
r-oldrel-windows-x86_64 0.1.1 21.00 100.00 121.00 OK

Check Details

Version: 0.1.1
Check: whether package can be installed
Result: ERROR Installation failed. Flavor: r-devel-macos-arm64