Last updated on 2025-11-03 07:48:45 CET.
| Flavor | Version | Tinstall | Tcheck | Ttotal | Status | Flags |
|---|---|---|---|---|---|---|
| r-devel-linux-x86_64-debian-clang | 1.0.2 | 1.91 | 21.89 | 23.80 | NOTE | |
| r-devel-linux-x86_64-debian-gcc | 1.0.2 | 1.49 | 17.87 | 19.36 | NOTE | |
| r-devel-linux-x86_64-fedora-clang | 1.0.2 | 34.86 | OK | |||
| r-devel-linux-x86_64-fedora-gcc | 1.0.2 | 15.00 | 21.14 | 36.14 | OK | |
| r-devel-windows-x86_64 | 1.0.2 | 3.00 | 42.00 | 45.00 | OK | |
| r-patched-linux-x86_64 | 1.0.2 | 1.99 | 20.69 | 22.68 | OK | |
| r-release-linux-x86_64 | 1.0.2 | 1.72 | 20.73 | 22.45 | OK | |
| r-release-macos-arm64 | 1.0.2 | 1.00 | 18.00 | 19.00 | OK | |
| r-release-macos-x86_64 | 1.0.2 | 2.00 | 29.00 | 31.00 | OK | |
| r-release-windows-x86_64 | 1.0.2 | 2.00 | 40.00 | 42.00 | OK | |
| r-oldrel-macos-arm64 | 1.0.2 | 1.00 | 15.00 | 16.00 | OK | |
| r-oldrel-macos-x86_64 | 1.0.2 | 2.00 | 27.00 | 29.00 | OK | |
| r-oldrel-windows-x86_64 | 1.0.2 | 3.00 | 41.00 | 44.00 | OK |
Version: 1.0.2
Check: CRAN incoming feasibility
Result: NOTE
Maintainer: ‘Audrey Q. Fu <audreyqyfu@gmail.com>’
No Authors@R field in DESCRIPTION.
Please add one, modifying
Authors@R: c(person(given = c("Audrey", "Qiuyan"),
family = "Fu",
role = "aut"),
person(given = "Lior",
family = "Pachter",
role = "aut"),
person(given = c("Audrey", "Q."),
family = "Fu",
role = "cre",
email = "audreyqyfu@gmail.com"))
as necessary.
Flavors: r-devel-linux-x86_64-debian-clang, r-devel-linux-x86_64-debian-gcc