Last updated on 2025-10-22 07:50:24 CEST.
Flavor | Version | Tinstall | Tcheck | Ttotal | Status | Flags |
---|---|---|---|---|---|---|
r-devel-linux-x86_64-debian-clang | 2.0.3 | 20.22 | 164.38 | 184.60 | NOTE | |
r-devel-linux-x86_64-debian-gcc | 2.0.3 | 13.68 | 107.92 | 121.60 | NOTE | |
r-devel-linux-x86_64-fedora-clang | 2.0.3 | 129.00 | 162.70 | 291.70 | OK | |
r-devel-linux-x86_64-fedora-gcc | 2.0.3 | 34.00 | 240.56 | 274.56 | OK | |
r-devel-windows-x86_64 | 2.0.3 | 22.00 | 181.00 | 203.00 | OK | |
r-patched-linux-x86_64 | 2.0.3 | 19.54 | 148.50 | 168.04 | OK | |
r-release-linux-x86_64 | 2.0.3 | 18.36 | 147.09 | 165.45 | OK | |
r-release-macos-arm64 | 2.0.3 | 7.00 | 69.00 | 76.00 | OK | |
r-release-macos-x86_64 | 2.0.3 | 17.00 | 147.00 | 164.00 | OK | |
r-release-windows-x86_64 | 2.0.3 | 23.00 | 182.00 | 205.00 | OK | |
r-oldrel-macos-arm64 | 2.0.3 | 8.00 | 74.00 | 82.00 | NOTE | |
r-oldrel-macos-x86_64 | 2.0.3 | 16.00 | 144.00 | 160.00 | NOTE | |
r-oldrel-windows-x86_64 | 2.0.3 | 31.00 | 220.00 | 251.00 | NOTE |
Version: 2.0.3
Check: HTML version of manual
Result: NOTE
Found the following HTML validation problems:
run_demo_bg.html:53:1 (run_demo_bg.Rd:15): Warning: missing </ul> before </div>
viewerpane_background_normfluodbf.html:50:1 (viewerpane_background_normfluodbf.Rd:12): Warning: missing </ul> before </div>
wait_for_bg_shinyapp.html:46:1 (wait_for_bg_shinyapp.Rd:10): Warning: missing </ul> before </div>
Flavors: r-devel-linux-x86_64-debian-clang, r-devel-linux-x86_64-debian-gcc
Version: 2.0.3
Check: installed package size
Result: NOTE
installed size is 9.8Mb
sub-directories of 1Mb or more:
doc 2.8Mb
help 5.4Mb
Flavors: r-oldrel-macos-arm64, r-oldrel-macos-x86_64, r-oldrel-windows-x86_64