Last updated on 2024-06-04 18:47:55 CEST.
Flavor | Version | Tinstall | Tcheck | Ttotal | Status | Flags |
---|---|---|---|---|---|---|
r-devel-linux-x86_64-debian-clang | 0.2.0 | 4.01 | 71.41 | 75.42 | OK | |
r-devel-linux-x86_64-debian-gcc | 0.2.0 | 2.59 | 54.26 | 56.85 | OK | |
r-devel-linux-x86_64-fedora-clang | 0.2.0 | 97.41 | OK | |||
r-devel-linux-x86_64-fedora-gcc | 0.2.0 | 96.75 | OK | |||
r-devel-windows-x86_64 | 0.2.0 | 4.00 | 129.00 | 133.00 | OK | |
r-patched-linux-x86_64 | 0.2.0 | 3.94 | 67.20 | 71.14 | OK | |
r-release-linux-x86_64 | 0.2.0 | 2.35 | 68.34 | 70.69 | OK | |
r-release-macos-arm64 | 0.2.0 | 93.00 | OK | |||
r-release-windows-x86_64 | 0.2.0 | 4.00 | 276.00 | 280.00 | OK | |
r-oldrel-macos-arm64 | 0.2.0 | 71.00 | ERROR | |||
r-oldrel-macos-x86_64 | 0.2.0 | 111.00 | OK | |||
r-oldrel-windows-x86_64 | 0.2.0 | 6.00 | 176.00 | 182.00 | ERROR |
Version: 0.2.0
Check: tests
Result: ERROR
Running ‘spelling.R’ [0s/0s]
Running ‘testthat.R’ [12s/46s]
Running the tests in ‘tests/testthat.R’ failed.
Last 13 lines of output:
6. └─npi::npi_search(city = "Atlanta", limit = 1)
7. └─npi:::npi_process_results(...)
8. └─npi:::npi_control_requests(params, user_n)
9. └─npi:::npi_get_results(results = results, query = query)
10. └─npi:::npi_get(npi_url(), query = ...)
11. └─npi:::npi_api("GET", url, ...)
12. └─httr (local) FUN(url, ..., config = c(npi_config(), config))
13. └─httr:::request_perform(req, hu$handle$handle)
14. ├─httr:::request_fetch(req$output, req$url, handle)
15. └─httr:::request_fetch.write_memory(req$output, req$url, handle)
16. └─curl::curl_fetch_memory(url, handle = handle)
[ FAIL 1 | WARN 0 | SKIP 0 | PASS 74 ]
Error: Test failures
Execution halted
Flavor: r-oldrel-macos-arm64
Version: 0.2.0
Check: re-building of vignette outputs
Result: ERROR
Error(s) in re-building vignettes:
...
--- re-building ‘advanced-use.Rmd’ using rmarkdown
Quitting from lines 39-46 (advanced-use.Rmd)
Error: processing vignette 'advanced-use.Rmd' failed with diagnostics:
ℹ In index: 1.
Caused by error in `curl::curl_fetch_memory()`:
! Could not resolve host: npiregistry.cms.hhs.gov
--- failed re-building ‘advanced-use.Rmd’
--- re-building ‘npi.Rmd’ using rmarkdown
Quitting from lines 34-36 (npi.Rmd)
Error: processing vignette 'npi.Rmd' failed with diagnostics:
Could not resolve host: npiregistry.cms.hhs.gov
--- failed re-building ‘npi.Rmd’
SUMMARY: processing the following files failed:
‘advanced-use.Rmd’ ‘npi.Rmd’
Error: Vignette re-building failed.
Execution halted
Flavor: r-oldrel-macos-arm64
Version: 0.2.0
Check: tests
Result: ERROR
Running 'spelling.R' [0s]
Running 'testthat.R' [92s]
Running the tests in 'tests/testthat.R' failed.
Complete output:
> library(testthat)
> library(npi)
> library(httptest)
> library(purrr)
Attaching package: 'purrr'
The following object is masked from 'package:testthat':
is_null
> library(mockery)
> library(checkmate)
>
> test_check("npi")
[ FAIL 1 | WARN 0 | SKIP 0 | PASS 74 ]
══ Failed tests ════════════════════════════════════════════════════════════════
── Error ('test-api.R:234:3'): The initial message accurately reports the requested number of records ──
<request_failed_error/rlang_error/error/condition>
Error in `npi_handle_response(resp)`: NPPES API request failed [504]
<https://npiregistry.cms.hhs.gov/api/?version=2.1&city=Atlanta&limit=1&skip=0>
Backtrace:
▆
1. ├─testthat::expect_message(...) at test-api.R:234:3
2. │ └─testthat:::quasi_capture(enquo(object), label, capture_messages)
3. │ ├─testthat (local) .capture(...)
4. │ │ └─base::withCallingHandlers(...)
5. │ └─rlang::eval_bare(quo_get_expr(.quo), quo_get_env(.quo))
6. └─npi::npi_search(city = "Atlanta", limit = 1)
7. └─npi:::npi_process_results(...)
8. └─npi:::npi_control_requests(params, user_n)
9. └─npi:::npi_get_results(results = results, query = query)
10. └─npi:::npi_get(npi_url(), query = ...)
11. └─npi:::npi_api("GET", url, ...)
12. └─npi:::npi_handle_response(resp)
13. └─rlang::abort(...)
[ FAIL 1 | WARN 0 | SKIP 0 | PASS 74 ]
Error: Test failures
Execution halted
Flavor: r-oldrel-windows-x86_64
Version: 0.2.0
Check: re-building of vignette outputs
Result: ERROR
Error(s) in re-building vignettes:
--- re-building 'advanced-use.Rmd' using rmarkdown
Quitting from lines 39-46 [unnamed-chunk-2] (advanced-use.Rmd)
Error: processing vignette 'advanced-use.Rmd' failed with diagnostics:
ℹ In index: 2.
Caused by error in `npi_handle_response()`:
! NPPES API request failed [504]
<https://npiregistry.cms.hhs.gov/api/?version=2.1&number=1831192848&limit=10&skip=0>
--- failed re-building 'advanced-use.Rmd'
--- re-building 'npi.Rmd' using rmarkdown
Quitting from lines 43-45 [unnamed-chunk-3] (npi.Rmd)
Error: processing vignette 'npi.Rmd' failed with diagnostics:
NPPES API request failed [504]
<https://npiregistry.cms.hhs.gov/api/?version=2.1&enumeration_type=NPI-2&city=New%20York%20City&state=NY&limit=10&skip=0>
--- failed re-building 'npi.Rmd'
SUMMARY: processing the following files failed:
'advanced-use.Rmd' 'npi.Rmd'
Error: Vignette re-building failed.
Execution halted
Flavor: r-oldrel-windows-x86_64