CRAN Package Check Results for Package npmr

Last updated on 2025-07-17 06:49:39 CEST.

Flavor Version Tinstall Tcheck Ttotal Status Flags
r-devel-linux-x86_64-debian-clang 1.3.1 6.65 57.60 64.25 NOTE
r-devel-linux-x86_64-debian-gcc 1.3.1 4.85 44.79 49.64 NOTE
r-devel-linux-x86_64-fedora-clang 1.3.1 100.27 OK
r-devel-linux-x86_64-fedora-gcc 1.3.1 98.93 OK
r-devel-windows-x86_64 1.3.1 7.00 77.00 84.00 OK
r-patched-linux-x86_64 1.3.1 6.08 55.78 61.86 OK
r-release-linux-x86_64 1.3.1 5.48 55.29 60.77 OK
r-release-macos-arm64 1.3.1 35.00 OK
r-release-macos-x86_64 1.3.1 58.00 OK
r-release-windows-x86_64 1.3.1 7.00 76.00 83.00 OK
r-oldrel-macos-arm64 1.3.1 32.00 OK
r-oldrel-macos-x86_64 1.3.1 46.00 OK
r-oldrel-windows-x86_64 1.3.1 10.00 91.00 101.00 OK

Check Details

Version: 1.3.1
Check: CRAN incoming feasibility
Result: NOTE Maintainer: ‘Scott Powers <saberpowers@gmail.com>’ No Authors@R field in DESCRIPTION. Please add one, modifying Authors@R: c(person(given = "Scott", family = "Powers", role = c("aut", "cre"), email = "saberpowers@gmail.com"), person(given = "Trevor", family = "Hastie", role = "aut"), person(given = "Robert", family = "Tibshirani", role = "aut")) as necessary. Flavors: r-devel-linux-x86_64-debian-clang, r-devel-linux-x86_64-debian-gcc