Last updated on 2025-11-03 21:50:29 CET.
| Flavor | Version | Tinstall | Tcheck | Ttotal | Status | Flags | 
|---|---|---|---|---|---|---|
| r-devel-linux-x86_64-debian-clang | 0.2.0 | 1.81 | 19.21 | 21.02 | NOTE | |
| r-devel-linux-x86_64-debian-gcc | 0.2.0 | 1.44 | 15.79 | 17.23 | NOTE | |
| r-devel-linux-x86_64-fedora-clang | 0.2.0 | 30.25 | OK | |||
| r-devel-linux-x86_64-fedora-gcc | 0.2.0 | 28.48 | OK | |||
| r-devel-windows-x86_64 | 0.2.0 | 4.00 | 33.00 | 37.00 | OK | |
| r-patched-linux-x86_64 | 0.2.0 | 1.85 | 17.50 | 19.35 | OK | |
| r-release-linux-x86_64 | 0.2.0 | 1.79 | 17.61 | 19.40 | OK | |
| r-release-macos-arm64 | 0.2.0 | 1.00 | 13.00 | 14.00 | OK | |
| r-release-macos-x86_64 | 0.2.0 | 2.00 | 21.00 | 23.00 | OK | |
| r-release-windows-x86_64 | 0.2.0 | 2.00 | 33.00 | 35.00 | OK | |
| r-oldrel-macos-arm64 | 0.2.0 | 1.00 | 13.00 | 14.00 | OK | |
| r-oldrel-macos-x86_64 | 0.2.0 | 1.00 | 19.00 | 20.00 | OK | |
| r-oldrel-windows-x86_64 | 0.2.0 | 3.00 | 35.00 | 38.00 | OK | 
Version: 0.2.0
Check: CRAN incoming feasibility
Result: NOTE
  Maintainer: ‘Gordon J. Ross <gordon.ross@ed.ac.uk>’
  
  No Authors@R field in DESCRIPTION.
  Please add one, modifying
    Authors@R: person(given = c("Gordon", "J."),
                      family = "Ross",
                      role = c("aut", "cre"),
                      email = "gordon.ross@ed.ac.uk")
  as necessary.
  
  Package CITATION file contains call(s) to old-style personList() or
  as.personList().  Please use c() on person objects instead.
  Package CITATION file contains call(s) to old-style citEntry().  Please
  use bibentry() instead.
  
  The Description field contains
    Segmentation" <arxiv:2107.01742>. This uses a version of Wild Binary
  Please refer to arXiv e-prints via their arXiv DOI <doi:10.48550/arXiv.YYMM.NNNNN>.
Flavors: r-devel-linux-x86_64-debian-clang, r-devel-linux-x86_64-debian-gcc