Last updated on 2025-02-22 07:51:41 CET.
Flavor | Version | Tinstall | Tcheck | Ttotal | Status | Flags |
---|---|---|---|---|---|---|
r-devel-linux-x86_64-debian-clang | 1.0.0 | 15.33 | 123.59 | 138.92 | OK | |
r-devel-linux-x86_64-debian-gcc | 1.0.0 | 12.94 | 93.73 | 106.67 | OK | |
r-devel-linux-x86_64-fedora-clang | 1.0.0 | 223.34 | NOTE | |||
r-devel-linux-x86_64-fedora-gcc | 1.0.0 | 238.07 | NOTE | |||
r-devel-macos-arm64 | 1.0.0 | 66.00 | OK | |||
r-devel-macos-x86_64 | 1.0.0 | 131.00 | OK | |||
r-devel-windows-x86_64 | 1.0.0 | 15.00 | 113.00 | 128.00 | OK | |
r-patched-linux-x86_64 | 1.0.0 | 14.71 | 112.64 | 127.35 | NOTE | |
r-release-linux-x86_64 | 1.0.0 | 13.14 | 113.56 | 126.70 | NOTE | |
r-release-macos-arm64 | 1.0.0 | 59.00 | NOTE | |||
r-release-macos-x86_64 | 1.0.0 | 96.00 | NOTE | |||
r-release-windows-x86_64 | 1.0.0 | 17.00 | 112.00 | 129.00 | NOTE | |
r-oldrel-macos-arm64 | 1.0.0 | 76.00 | NOTE | |||
r-oldrel-macos-x86_64 | 1.0.0 | 110.00 | NOTE | |||
r-oldrel-windows-x86_64 | 1.0.0 | 19.00 | 131.00 | 150.00 | NOTE |
Version: 1.0.0
Check: dependencies in R code
Result: NOTE
Namespaces in Imports field not imported from:
‘knitr’ ‘tibble’
All declared Imports should be used.
Flavors: r-devel-linux-x86_64-fedora-clang, r-devel-linux-x86_64-fedora-gcc
Version: 1.0.0
Check: LazyData
Result: NOTE
'LazyData' is specified without a 'data' directory
Flavors: r-patched-linux-x86_64, r-release-linux-x86_64, r-release-macos-arm64, r-release-macos-x86_64, r-release-windows-x86_64, r-oldrel-macos-arm64, r-oldrel-macos-x86_64, r-oldrel-windows-x86_64