Last updated on 2025-10-21 18:49:56 CEST.
Flavor | Version | Tinstall | Tcheck | Ttotal | Status | Flags |
---|---|---|---|---|---|---|
r-devel-linux-x86_64-debian-clang | 0.3.2 | 9.21 | 75.96 | 85.17 | NOTE | |
r-devel-linux-x86_64-debian-gcc | 0.3.2 | 6.63 | 57.78 | 64.41 | NOTE | |
r-devel-linux-x86_64-fedora-clang | 0.3.2 | 18.00 | 111.30 | 129.30 | OK | |
r-devel-linux-x86_64-fedora-gcc | 0.3.2 | 17.00 | 119.38 | 136.38 | OK | |
r-devel-windows-x86_64 | 0.3.2 | 13.00 | 105.00 | 118.00 | OK | |
r-patched-linux-x86_64 | 0.3.2 | 9.54 | 70.09 | 79.63 | OK | |
r-release-linux-x86_64 | 0.3.2 | 8.14 | 70.41 | 78.55 | OK | |
r-release-macos-arm64 | 0.3.2 | 6.00 | 87.00 | 93.00 | OK | |
r-release-macos-x86_64 | 0.3.2 | 9.00 | 120.00 | 129.00 | OK | |
r-release-windows-x86_64 | 0.3.2 | 15.00 | 103.00 | 118.00 | OK | |
r-oldrel-macos-arm64 | 0.3.2 | 3.00 | 74.00 | 77.00 | OK | |
r-oldrel-macos-x86_64 | 0.3.2 | 7.00 | 92.00 | 99.00 | OK | |
r-oldrel-windows-x86_64 | 0.3.2 | 17.00 | 122.00 | 139.00 | OK |
Version: 0.3.2
Check: HTML version of manual
Result: NOTE
Found the following HTML validation problems:
check_condition.html:50:1 (check_condition.Rd:12): Warning: missing </ul> before </div>
execute_render.html:54:1 (execute_render.Rd:14): Warning: missing </ul> before </div>
execute_run_after.html:54:1 (execute_run_after.Rd:14): Warning: missing </ul> before </div>
execute_run_before.html:50:1 (execute_run_before.Rd:12): Warning: missing </ul> before </div>
leaving_page_backwards.html:54:1 (leaving_page_backwards.Rd:14): Warning: missing </ul> before </div>
Flavors: r-devel-linux-x86_64-debian-clang, r-devel-linux-x86_64-debian-gcc