Last updated on 2025-11-11 18:50:00 CET.
| Flavor | Version | Tinstall | Tcheck | Ttotal | Status | Flags |
|---|---|---|---|---|---|---|
| r-devel-linux-x86_64-debian-clang | 0.4.2 | 8.31 | 65.58 | 73.89 | NOTE | |
| r-devel-linux-x86_64-debian-gcc | 0.4.2 | 6.02 | 47.78 | 53.80 | NOTE | |
| r-devel-linux-x86_64-fedora-clang | 0.4.2 | 38.00 | 129.35 | 167.35 | NOTE | |
| r-devel-linux-x86_64-fedora-gcc | 0.4.2 | 15.00 | 154.80 | 169.80 | NOTE | |
| r-devel-windows-x86_64 | 0.4.2 | 10.00 | 73.00 | 83.00 | NOTE | |
| r-patched-linux-x86_64 | 0.4.2 | 7.93 | 61.00 | 68.93 | NOTE | |
| r-release-linux-x86_64 | 0.4.2 | 7.61 | 60.42 | 68.03 | NOTE | |
| r-release-macos-arm64 | 0.4.2 | 4.00 | 48.00 | 52.00 | NOTE | |
| r-release-macos-x86_64 | 0.4.2 | 13.00 | 101.00 | 114.00 | NOTE | |
| r-release-windows-x86_64 | 0.4.2 | 9.00 | 73.00 | 82.00 | NOTE | |
| r-oldrel-macos-arm64 | 0.4.2 | 4.00 | 38.00 | 42.00 | OK | |
| r-oldrel-macos-x86_64 | 0.4.2 | 5.00 | 53.00 | 58.00 | OK | |
| r-oldrel-windows-x86_64 | 0.4.2 | 12.00 | 90.00 | 102.00 | OK |
Version: 0.4.2
Check: DESCRIPTION meta-information
Result: NOTE
Missing dependency on R >= 4.1.0 because package code uses the pipe
|> or function shorthand \(...) syntax added in R 4.1.0.
File(s) using such syntax:
‘duckdb_connection.R’ ‘get_database_functions.R’ ‘mysql_connection.R’
‘postgres_connection.R’ ‘snowflake_connection.R’
‘sqlite_connection.R’ ‘submit_query.R’ ‘vertica_connection.R’
Flavors: r-devel-linux-x86_64-debian-clang, r-devel-linux-x86_64-debian-gcc, r-devel-linux-x86_64-fedora-clang, r-devel-linux-x86_64-fedora-gcc, r-devel-windows-x86_64, r-patched-linux-x86_64, r-release-linux-x86_64, r-release-macos-arm64, r-release-macos-x86_64, r-release-windows-x86_64