CRAN Package Check Results for Package offlineChange

Last updated on 2025-07-04 19:50:25 CEST.

Flavor Version Tinstall Tcheck Ttotal Status Flags
r-devel-linux-x86_64-debian-clang 0.0.4 17.61 33.23 50.84 OK
r-devel-linux-x86_64-debian-gcc 0.0.4 11.76 26.20 37.96 OK
r-devel-linux-x86_64-fedora-clang 0.0.4 94.30 OK
r-devel-linux-x86_64-fedora-gcc 0.0.4 93.17 OK
r-devel-windows-x86_64 0.0.4 17.00 73.00 90.00 OK
r-patched-linux-x86_64 0.0.4 16.63 31.24 47.87 OK
r-release-linux-x86_64 0.0.4 16.30 31.40 47.70 OK
r-release-macos-arm64 0.0.4 33.00 OK
r-release-macos-x86_64 0.0.4 59.00 OK
r-release-windows-x86_64 0.0.4 17.00 70.00 87.00 OK
r-oldrel-macos-arm64 0.0.4 32.00 NOTE
r-oldrel-macos-x86_64 0.0.4 47.00 NOTE
r-oldrel-windows-x86_64 0.0.4 18.00 83.00 101.00 NOTE

Check Details

Version: 0.0.4
Check: LazyData
Result: NOTE 'LazyData' is specified without a 'data' directory Flavors: r-oldrel-macos-arm64, r-oldrel-macos-x86_64, r-oldrel-windows-x86_64