Last updated on 2025-10-21 18:49:56 CEST.
Flavor | Version | Tinstall | Tcheck | Ttotal | Status | Flags |
---|---|---|---|---|---|---|
r-devel-linux-x86_64-debian-clang | 1.0.2 | 33.12 | 371.96 | 405.08 | NOTE | |
r-devel-linux-x86_64-debian-gcc | 1.0.2 | 20.10 | 229.31 | 249.41 | NOTE | |
r-devel-linux-x86_64-fedora-clang | 1.0.2 | 77.00 | 580.52 | 657.52 | OK | |
r-devel-linux-x86_64-fedora-gcc | 1.0.2 | 65.00 | 582.42 | 647.42 | OK | |
r-devel-windows-x86_64 | 1.0.2 | 40.00 | 348.00 | 388.00 | OK | |
r-patched-linux-x86_64 | 1.0.2 | 31.94 | 357.20 | 389.14 | OK | |
r-release-linux-x86_64 | 1.0.2 | 29.96 | 352.64 | 382.60 | OK | |
r-release-macos-arm64 | 1.0.2 | 13.00 | 141.00 | 154.00 | OK | |
r-release-macos-x86_64 | 1.0.2 | 17.00 | 284.00 | 301.00 | OK | |
r-release-windows-x86_64 | 1.0.2 | 41.00 | 349.00 | 390.00 | OK | |
r-oldrel-macos-arm64 | 1.0.2 | 12.00 | 121.00 | 133.00 | NOTE | |
r-oldrel-macos-x86_64 | 1.0.2 | 13.00 | 190.00 | 203.00 | NOTE | |
r-oldrel-windows-x86_64 | 1.0.2 | 48.00 | 453.00 | 501.00 | OK |
Version: 1.0.2
Check: HTML version of manual
Result: NOTE
Found the following HTML validation problems:
lapply_cbind.html:54:1 (lapply_cbind.Rd:14): Warning: missing </ul> before </div>
lapply_cbind_df.html:54:1 (lapply_cbind_df.Rd:14): Warning: missing </ul> before </div>
lapply_rbind.html:54:1 (lapply_rbind.Rd:14): Warning: missing </ul> before </div>
lapply_rbind_df.html:54:1 (lapply_rbind_df.Rd:14): Warning: missing </ul> before </div>
lp_vector_cpp.html:44:1 (lp_vector_cpp.Rd:9): Warning: missing </ul> before </div>
print_to_message.html:46:1 (print_to_message.Rd:10): Warning: missing </ul> before </div>
pst.html:46:1 (pst.Rd:10): Warning: missing </ul> before </div>
rls_update_cpp.html:77:1 (rls_update_cpp.Rd:25): Warning: missing </ul> before </div>
Flavors: r-devel-linux-x86_64-debian-clang, r-devel-linux-x86_64-debian-gcc
Version: 1.0.2
Check: installed package size
Result: NOTE
installed size is 5.6Mb
sub-directories of 1Mb or more:
doc 3.2Mb
libs 1.6Mb
Flavors: r-oldrel-macos-arm64, r-oldrel-macos-x86_64