Last updated on 2025-02-21 19:50:35 CET.
Flavor | Version | Tinstall | Tcheck | Ttotal | Status | Flags |
---|---|---|---|---|---|---|
r-devel-linux-x86_64-debian-clang | 0.1.0 | 1.73 | 18.45 | 20.18 | NOTE | |
r-devel-linux-x86_64-debian-gcc | 0.1.0 | 1.40 | 15.52 | 16.92 | NOTE | |
r-devel-linux-x86_64-fedora-clang | 0.1.0 | 32.49 | NOTE | |||
r-devel-linux-x86_64-fedora-gcc | 0.1.0 | 30.86 | NOTE | |||
r-devel-macos-arm64 | 0.1.0 | 17.00 | OK | |||
r-devel-macos-x86_64 | 0.1.0 | 25.00 | NOTE | |||
r-devel-windows-x86_64 | 0.1.0 | 3.00 | 46.00 | 49.00 | NOTE | |
r-patched-linux-x86_64 | 0.1.0 | 1.79 | 17.67 | 19.46 | OK | |
r-release-linux-x86_64 | 0.1.0 | 1.69 | 18.00 | 19.69 | OK | |
r-release-macos-arm64 | 0.1.0 | 16.00 | OK | |||
r-release-macos-x86_64 | 0.1.0 | 21.00 | OK | |||
r-release-windows-x86_64 | 0.1.0 | 3.00 | 47.00 | 50.00 | OK | |
r-oldrel-macos-arm64 | 0.1.0 | 22.00 | OK | |||
r-oldrel-macos-x86_64 | 0.1.0 | 35.00 | OK | |||
r-oldrel-windows-x86_64 | 0.1.0 | 4.00 | 50.00 | 54.00 | OK |
Version: 0.1.0
Check: DESCRIPTION meta-information
Result: NOTE
Missing dependency on R >= 4.1.0 because package code uses the pipe
|> or function shorthand \(...) syntax added in R 4.1.0.
File(s) using such syntax:
‘tab_onsv.R’
Flavors: r-devel-linux-x86_64-debian-clang, r-devel-linux-x86_64-debian-gcc, r-devel-linux-x86_64-fedora-clang, r-devel-linux-x86_64-fedora-gcc, r-devel-macos-x86_64, r-devel-windows-x86_64