Last updated on 2025-10-21 07:49:45 CEST.
Flavor | Version | Tinstall | Tcheck | Ttotal | Status | Flags |
---|---|---|---|---|---|---|
r-devel-linux-x86_64-debian-clang | 1.0.1 | 3.66 | 252.13 | 255.79 | OK | |
r-devel-linux-x86_64-debian-gcc | 1.0.1 | 2.28 | 135.10 | 137.38 | NOTE | |
r-devel-linux-x86_64-fedora-clang | 1.0.1 | 402.07 | OK | |||
r-devel-linux-x86_64-fedora-gcc | 1.0.1 | 407.11 | OK | |||
r-devel-windows-x86_64 | 1.0.1 | 5.00 | 212.00 | 217.00 | OK | |
r-patched-linux-x86_64 | 1.0.1 | 4.08 | 237.77 | 241.85 | OK | |
r-release-linux-x86_64 | 1.0.1 | 2.64 | 237.70 | 240.34 | OK | |
r-release-macos-arm64 | 1.0.1 | 249.00 | OK | |||
r-release-macos-x86_64 | 1.0.1 | 360.00 | OK | |||
r-release-windows-x86_64 | 1.0.1 | 6.00 | 211.00 | 217.00 | OK | |
r-oldrel-macos-arm64 | 1.0.1 | 109.00 | OK | |||
r-oldrel-macos-x86_64 | 1.0.1 | 459.00 | OK | |||
r-oldrel-windows-x86_64 | 1.0.1 | 7.00 | 311.00 | 318.00 | OK |
Version: 1.0.1
Check: HTML version of manual
Result: NOTE
Found the following HTML validation problems:
dot-rangeCheck.html:59:1 (dot-rangeCheck.Rd:16): Warning: missing </ul> before </div>
Flavor: r-devel-linux-x86_64-debian-gcc