Last updated on 2025-11-12 19:51:57 CET.
| Flavor | Version | Tinstall | Tcheck | Ttotal | Status | Flags |
|---|---|---|---|---|---|---|
| r-devel-linux-x86_64-debian-clang | 2.0.9 | 112.04 | 233.41 | 345.45 | OK | |
| r-devel-linux-x86_64-debian-gcc | 2.0.9 | 63.91 | 182.16 | 246.07 | OK | |
| r-devel-linux-x86_64-fedora-clang | 2.0.9 | 259.00 | 357.02 | 616.02 | OK | |
| r-devel-linux-x86_64-fedora-gcc | 2.0.9 | 195.00 | 377.37 | 572.37 | OK | |
| r-devel-windows-x86_64 | 2.0.9 | 132.00 | 245.00 | 377.00 | OK | |
| r-patched-linux-x86_64 | 2.0.9 | 107.47 | 228.40 | 335.87 | OK | |
| r-release-linux-x86_64 | 2.0.9 | 105.22 | 225.95 | 331.17 | OK | |
| r-release-macos-arm64 | 2.0.9 | 38.00 | 121.00 | 159.00 | OK | |
| r-release-macos-x86_64 | 2.0.9 | 39.00 | 210.00 | 249.00 | OK | |
| r-release-windows-x86_64 | 2.0.9 | 138.00 | 247.00 | 385.00 | OK | |
| r-oldrel-macos-arm64 | 2.0.9 | 47.00 | 135.00 | 182.00 | NOTE | |
| r-oldrel-macos-x86_64 | 2.0.9 | 54.00 | 301.00 | 355.00 | NOTE | |
| r-oldrel-windows-x86_64 | 2.0.9 | 163.00 | 322.00 | 485.00 | OK |
Version: 2.0.9
Check: installed package size
Result: NOTE
installed size is 6.0Mb
sub-directories of 1Mb or more:
extdata 1.8Mb
libs 3.1Mb
Flavors: r-oldrel-macos-arm64, r-oldrel-macos-x86_64