Last updated on 2025-11-20 18:50:03 CET.
| Flavor | Version | Tinstall | Tcheck | Ttotal | Status | Flags |
|---|---|---|---|---|---|---|
| r-devel-linux-x86_64-debian-clang | 1.0-2 | 1.98 | 29.03 | 31.01 | NOTE | |
| r-devel-linux-x86_64-debian-gcc | 1.0-2 | 1.55 | 23.79 | 25.34 | NOTE | |
| r-devel-linux-x86_64-fedora-clang | 1.0-2 | 46.81 | OK | |||
| r-devel-linux-x86_64-fedora-gcc | 1.0-2 | 59.88 | OK | |||
| r-devel-windows-x86_64 | 1.0-2 | 6.00 | 48.00 | 54.00 | OK | |
| r-patched-linux-x86_64 | 1.0-2 | 2.06 | 26.53 | 28.59 | OK | |
| r-release-linux-x86_64 | 1.0-2 | 1.80 | 26.94 | 28.74 | OK | |
| r-release-macos-arm64 | 1.0-2 | OK | ||||
| r-release-macos-x86_64 | 1.0-2 | 3.00 | 48.00 | 51.00 | OK | |
| r-release-windows-x86_64 | 1.0-2 | 4.00 | 47.00 | 51.00 | OK | |
| r-oldrel-macos-arm64 | 1.0-2 | OK | ||||
| r-oldrel-macos-x86_64 | 1.0-2 | 2.00 | 39.00 | 41.00 | OK | |
| r-oldrel-windows-x86_64 | 1.0-2 | 4.00 | 57.00 | 61.00 | OK |
Version: 1.0-2
Check: CRAN incoming feasibility
Result: NOTE
Maintainer: ‘Florian Gerber <flora.fauna.gerber@gmail.com>’
Package CITATION file contains call(s) to old-style personList() or
as.personList(). Please use c() on person objects instead.
Package CITATION file contains call(s) to old-style citEntry(). Please
use bibentry() instead.
Flavors: r-devel-linux-x86_64-debian-clang, r-devel-linux-x86_64-debian-gcc