Last updated on 2025-07-02 18:52:38 CEST.
Flavor | Version | Tinstall | Tcheck | Ttotal | Status | Flags |
---|---|---|---|---|---|---|
r-devel-linux-x86_64-debian-clang | 1.0.0 | 24.48 | 195.30 | 219.78 | NOTE | |
r-devel-linux-x86_64-debian-gcc | 1.0.0 | 14.45 | 118.37 | 132.82 | NOTE | |
r-devel-linux-x86_64-fedora-clang | 1.0.0 | 336.22 | OK | |||
r-devel-linux-x86_64-fedora-gcc | 1.0.0 | 323.13 | OK | |||
r-devel-windows-x86_64 | 1.0.0 | 19.00 | 158.00 | 177.00 | NOTE | |
r-patched-linux-x86_64 | NOTE | |||||
r-release-linux-x86_64 | 1.0.0 | 21.23 | 185.17 | 206.40 | NOTE | |
r-release-macos-arm64 | 1.0.0 | 66.00 | OK | |||
r-release-macos-x86_64 | 1.0.0 | 157.00 | OK | |||
r-release-windows-x86_64 | 1.0.0 | 18.00 | 160.00 | 178.00 | NOTE | |
r-oldrel-macos-arm64 | 1.0.0 | 62.00 | OK | |||
r-oldrel-macos-x86_64 | 1.0.0 | 99.00 | OK | |||
r-oldrel-windows-x86_64 | 1.0.0 | 30.00 | 228.00 | 258.00 | OK |
Version: 1.0.0
Check: Rd cross-references
Result: NOTE
Found the following Rd file(s) with Rd \link{} targets missing package
anchors:
pbdb_map.Rd: map
pbdb_map_occur.Rd: map
pbdb_map_richness.Rd: map
Please provide package anchors for all Rd \link{} targets not in the
package itself and the base packages.
Flavors: r-devel-linux-x86_64-debian-clang, r-devel-linux-x86_64-debian-gcc, r-devel-windows-x86_64, r-patched-linux-x86_64, r-release-linux-x86_64, r-release-windows-x86_64