Last updated on 2025-11-15 07:50:14 CET.
| Flavor | Version | Tinstall | Tcheck | Ttotal | Status | Flags |
|---|---|---|---|---|---|---|
| r-devel-linux-x86_64-debian-clang | 0.2.0 | 267.39 | 232.03 | 499.42 | OK | |
| r-devel-linux-x86_64-debian-gcc | 0.2.0 | 227.86 | 188.49 | 416.35 | OK | |
| r-devel-linux-x86_64-fedora-clang | 0.2.0 | 1980.00 | -1122.87 | 857.13 | OK | |
| r-devel-linux-x86_64-fedora-gcc | 0.2.0 | 2700.00 | -1669.94 | 1030.06 | OK | |
| r-devel-windows-x86_64 | 0.2.0 | 301.00 | 276.00 | 577.00 | OK | |
| r-patched-linux-x86_64 | 0.2.0 | 300.53 | 248.23 | 548.76 | OK | |
| r-release-linux-x86_64 | 0.2.0 | 305.87 | 251.80 | 557.67 | OK | |
| r-release-macos-arm64 | 0.2.0 | 118.00 | 78.00 | 196.00 | OK | |
| r-release-macos-x86_64 | 0.2.0 | 157.00 | 175.00 | 332.00 | OK | |
| r-release-windows-x86_64 | 0.2.0 | 294.00 | 269.00 | 563.00 | OK | |
| r-oldrel-macos-arm64 | 0.2.0 | 110.00 | 84.00 | 194.00 | NOTE | |
| r-oldrel-macos-x86_64 | 0.2.0 | 157.00 | 178.00 | 335.00 | NOTE | |
| r-oldrel-windows-x86_64 | 0.2.0 | 339.00 | 359.00 | 698.00 | OK |
Version: 0.2.0
Check: installed package size
Result: NOTE
installed size is 84.2Mb
sub-directories of 1Mb or more:
libs 83.7Mb
Flavors: r-oldrel-macos-arm64, r-oldrel-macos-x86_64
Version: 0.2.0
Check: for GNU extensions in Makefiles
Result: NOTE
GNU make is a SystemRequirements.
Flavors: r-oldrel-macos-arm64, r-oldrel-macos-x86_64