Last updated on 2025-10-26 05:50:06 CET.
| Flavor | Version | Tinstall | Tcheck | Ttotal | Status | Flags |
|---|---|---|---|---|---|---|
| r-devel-linux-x86_64-debian-clang | 1.0.6 | 33.59 | 61.70 | 95.29 | OK | |
| r-devel-linux-x86_64-debian-gcc | 1.0.6 | 16.55 | 47.65 | 64.20 | OK | |
| r-devel-linux-x86_64-fedora-clang | 1.0.6 | 50.00 | 95.70 | 145.70 | OK | |
| r-devel-linux-x86_64-fedora-gcc | 1.0.6 | 47.00 | 96.25 | 143.25 | OK | |
| r-devel-windows-x86_64 | 1.0.6 | 32.00 | 97.00 | 129.00 | OK | |
| r-patched-linux-x86_64 | 1.0.6 | 42.97 | 58.61 | 101.58 | OK | |
| r-release-linux-x86_64 | 1.0.6 | 39.58 | 59.11 | 98.69 | OK | |
| r-release-macos-arm64 | 1.0.6 | 15.00 | 40.00 | 55.00 | OK | |
| r-release-macos-x86_64 | 1.0.6 | 28.00 | 99.00 | 127.00 | OK | |
| r-release-windows-x86_64 | 1.0.6 | 32.00 | 97.00 | 129.00 | OK | |
| r-oldrel-macos-arm64 | 1.0.6 | 15.00 | 60.00 | 75.00 | NOTE | |
| r-oldrel-macos-x86_64 | 1.0.6 | 20.00 | 90.00 | 110.00 | OK | |
| r-oldrel-windows-x86_64 | 1.0.6 | 47.00 | 125.00 | 172.00 | OK |
Version: 1.0.6
Check: installed package size
Result: NOTE
installed size is 5.2Mb
sub-directories of 1Mb or more:
libs 3.1Mb
Flavor: r-oldrel-macos-arm64