CRAN Package Check Results for Package phia

Last updated on 2025-04-29 18:50:50 CEST.

Flavor Version Tinstall Tcheck Ttotal Status Flags
r-devel-linux-x86_64-debian-clang 0.3-1 7.76 71.59 79.35 NOTE
r-devel-linux-x86_64-debian-gcc 0.3-1 6.12 53.12 59.24 NOTE
r-devel-linux-x86_64-fedora-clang 0.3-1 125.70 OK
r-devel-linux-x86_64-fedora-gcc 0.3-1 133.46 OK
r-devel-windows-x86_64 0.3-1 9.00 107.00 116.00 NOTE
r-patched-linux-x86_64 0.3-1 8.06 68.57 76.63 NOTE
r-release-linux-x86_64 0.3-1 7.95 68.22 76.17 NOTE
r-release-macos-arm64 0.3-1 51.00 OK
r-release-macos-x86_64 0.3-1 81.00 OK
r-release-windows-x86_64 0.3-1 10.00 94.00 104.00 NOTE
r-oldrel-macos-arm64 0.3-1 43.00 OK
r-oldrel-macos-x86_64 0.3-1 63.00 OK
r-oldrel-windows-x86_64 0.3-1 11.00 106.00 117.00 OK

Check Details

Version: 0.3-1
Check: Rd cross-references
Result: NOTE Found the following Rd file(s) with Rd \link{} targets missing package anchors: interactionMeans.Rd: Anova, linearHypothesis testFactors.Rd: linearHypothesis, Anova testInteractions.Rd: Anova, linearHypothesis Please provide package anchors for all Rd \link{} targets not in the package itself and the base packages. Flavors: r-devel-linux-x86_64-debian-clang, r-devel-linux-x86_64-debian-gcc, r-devel-windows-x86_64, r-patched-linux-x86_64, r-release-linux-x86_64, r-release-windows-x86_64