Last updated on 2025-10-21 07:49:46 CEST.
Flavor | Version | Tinstall | Tcheck | Ttotal | Status | Flags |
---|---|---|---|---|---|---|
r-devel-linux-x86_64-debian-clang | 1.3.1 | 42.90 | 292.18 | 335.08 | NOTE | |
r-devel-linux-x86_64-debian-gcc | 1.3.1 | 25.52 | 190.32 | 215.84 | NOTE | |
r-devel-linux-x86_64-fedora-clang | 1.3.1 | 512.16 | OK | |||
r-devel-linux-x86_64-fedora-gcc | 1.3.1 | 507.64 | OK | |||
r-devel-windows-x86_64 | 1.3.1 | 44.00 | 265.00 | 309.00 | OK | |
r-patched-linux-x86_64 | 1.3.1 | 35.46 | 271.39 | 306.85 | OK | |
r-release-linux-x86_64 | 1.3.1 | 35.99 | 270.63 | 306.62 | OK | |
r-release-macos-arm64 | 1.3.1 | 133.00 | OK | |||
r-release-macos-x86_64 | 1.3.1 | 235.00 | OK | |||
r-release-windows-x86_64 | 1.3.1 | 45.00 | 266.00 | 311.00 | OK | |
r-oldrel-macos-arm64 | 1.3.1 | 121.00 | OK | |||
r-oldrel-macos-x86_64 | 1.3.1 | 201.00 | OK | |||
r-oldrel-windows-x86_64 | 1.3.1 | 60.00 | 348.00 | 408.00 | OK |
Version: 1.3.1
Check: CRAN incoming feasibility
Result: NOTE
Maintainer: ‘Francois Keck <francois.keck@gmail.com>’
No Authors@R field in DESCRIPTION.
Please add one, modifying
Authors@R: person(given = "Francois",
family = "Keck",
role = c("aut", "cre"),
email = "francois.keck@gmail.com")
as necessary.
Flavors: r-devel-linux-x86_64-debian-clang, r-devel-linux-x86_64-debian-gcc
Version: 1.3.1
Check: HTML version of manual
Result: NOTE
Found the following HTML validation problems:
dotplot.html:46:1 (dotplot.Rd:10): Warning: missing </ul> before </div>
gridplot.html:46:1 (gridplot.Rd:10): Warning: missing </ul> before </div>
kStarTest.html:54:1 (kStarTest.Rd:14): Warning: missing </ul> before </div>
kTest.html:54:1 (kTest.Rd:14): Warning: missing </ul> before </div>
layouterize.html:50:1 (layouterize.Rd:12): Warning: missing </ul> before </div>
layouterizeRatio.html:54:1 (layouterizeRatio.Rd:14): Warning: missing </ul> before </div>
mantelStat.html:50:1 (mantelStat.Rd:12): Warning: missing </ul> before </div>
moranTest.html:54:1 (moranTest.Rd:14): Warning: missing </ul> before </div>
multiplot.phylo4d.html:282:1 (multiplot.phylo4d.Rd:165): Warning: missing </ul> before </div>
plot.phylosimsignal.html:94:1 (plot.phylosimsignal.Rd:41): Warning: missing </ul> before </div>
print.graphclust.html:51:1 (print.graphclust.Rd:12): Warning: missing </ul> before </div>
print.phylosimsignal.html:51:1 (print.phylosimsignal.Rd:12): Warning: missing </ul> before </div>
white2red.html:46:1 (white2red.Rd:10): Warning: missing </ul> before </div>
Flavor: r-devel-linux-x86_64-debian-gcc