Last updated on 2025-02-21 19:50:36 CET.
Flavor | Version | Tinstall | Tcheck | Ttotal | Status | Flags |
---|---|---|---|---|---|---|
r-devel-linux-x86_64-debian-clang | 0.9.11 | 15.97 | 123.87 | 139.84 | NOTE | |
r-devel-linux-x86_64-debian-gcc | 0.9.11 | 10.14 | 87.65 | 97.79 | NOTE | |
r-devel-linux-x86_64-fedora-clang | 0.9.11 | 236.84 | NOTE | |||
r-devel-linux-x86_64-fedora-gcc | 0.9.11 | 240.65 | NOTE | |||
r-devel-macos-arm64 | 0.9.11 | 68.00 | NOTE | |||
r-devel-macos-x86_64 | 0.9.11 | 142.00 | NOTE | |||
r-devel-windows-x86_64 | 0.9.11 | 21.00 | 131.00 | 152.00 | NOTE | |
r-patched-linux-x86_64 | 0.9.11 | 15.16 | 109.06 | 124.22 | NOTE | |
r-release-linux-x86_64 | 0.9.11 | 15.04 | 109.20 | 124.24 | NOTE | |
r-release-macos-arm64 | 0.9.11 | 61.00 | NOTE | |||
r-release-macos-x86_64 | 0.9.11 | 99.00 | NOTE | |||
r-release-windows-x86_64 | 0.9.11 | 20.00 | 125.00 | 145.00 | NOTE | |
r-oldrel-macos-arm64 | 0.9.11 | 73.00 | OK | |||
r-oldrel-macos-x86_64 | 0.9.11 | 174.00 | OK | |||
r-oldrel-windows-x86_64 | 0.9.11 | 26.00 | 190.00 | 216.00 | OK |
Version: 0.9.11
Check: Rd files
Result: NOTE
checkRd: (-1) phylter.Rd:51: Lost braces; missing escapes or markup?
51 | the output ({out$DiscardedGenes}).}
| ^
Flavors: r-devel-linux-x86_64-debian-clang, r-devel-linux-x86_64-debian-gcc, r-devel-linux-x86_64-fedora-clang, r-devel-linux-x86_64-fedora-gcc, r-devel-macos-arm64, r-devel-macos-x86_64, r-devel-windows-x86_64, r-patched-linux-x86_64, r-release-linux-x86_64, r-release-macos-arm64, r-release-macos-x86_64, r-release-windows-x86_64