Last updated on 2025-11-12 19:51:57 CET.
| Flavor | Version | Tinstall | Tcheck | Ttotal | Status | Flags |
|---|---|---|---|---|---|---|
| r-devel-linux-x86_64-debian-clang | 0.50 | 6.65 | 75.73 | 82.38 | NOTE | |
| r-devel-linux-x86_64-debian-gcc | 0.50 | 5.21 | 54.80 | 60.01 | NOTE | |
| r-devel-linux-x86_64-fedora-clang | 0.50 | 13.00 | 113.57 | 126.57 | NOTE | |
| r-devel-linux-x86_64-fedora-gcc | 0.50 | 13.00 | 105.71 | 118.71 | NOTE | |
| r-devel-windows-x86_64 | 0.50 | 10.00 | 85.00 | 95.00 | NOTE | |
| r-patched-linux-x86_64 | 0.50 | 6.33 | 72.46 | 78.79 | OK | |
| r-release-linux-x86_64 | 0.50 | 5.14 | 72.08 | 77.22 | OK | |
| r-release-macos-arm64 | 0.50 | 3.00 | 29.00 | 32.00 | OK | |
| r-release-macos-x86_64 | 0.50 | 5.00 | 50.00 | 55.00 | OK | |
| r-release-windows-x86_64 | 0.50 | 10.00 | 87.00 | 97.00 | OK | |
| r-oldrel-macos-arm64 | 0.50 | 3.00 | 26.00 | 29.00 | OK | |
| r-oldrel-macos-x86_64 | 0.50 | 4.00 | 43.00 | 47.00 | OK | |
| r-oldrel-windows-x86_64 | 0.50 | 11.00 | 109.00 | 120.00 | OK |
Version: 0.50
Check: Rd files
Result: NOTE
checkRd: (-1) tradeOffTable.Rd:28: height/width attributes should be in pixels
Flavors: r-devel-linux-x86_64-debian-clang, r-devel-linux-x86_64-debian-gcc, r-devel-linux-x86_64-fedora-clang, r-devel-linux-x86_64-fedora-gcc, r-devel-windows-x86_64