CRAN Package Check Results for Package pollster

Last updated on 2025-07-01 18:48:40 CEST.

Flavor Version Tinstall Tcheck Ttotal Status Flags
r-devel-linux-x86_64-debian-clang 0.1.6 6.56 63.70 70.26 NOTE
r-devel-linux-x86_64-debian-gcc 0.1.6 4.04 47.04 51.08 NOTE
r-devel-linux-x86_64-fedora-clang 0.1.6 108.52 OK
r-devel-linux-x86_64-fedora-gcc 0.1.6 116.50 OK
r-devel-windows-x86_64 0.1.6 8.00 82.00 90.00 OK
r-patched-linux-x86_64 OK
r-release-linux-x86_64 0.1.6 5.65 58.68 64.33 OK
r-release-macos-arm64 0.1.6 44.00 OK
r-release-macos-x86_64 0.1.6 72.00 OK
r-release-windows-x86_64 0.1.6 7.00 80.00 87.00 OK
r-oldrel-macos-arm64 0.1.6 41.00 OK
r-oldrel-macos-x86_64 0.1.6 67.00 OK
r-oldrel-windows-x86_64 0.1.6 10.00 96.00 106.00 OK

Check Details

Version: 0.1.6
Check: CRAN incoming feasibility
Result: NOTE Maintainer: ‘John D. Johnson <john.d.johnson@marquette.edu>’ No Authors@R field in DESCRIPTION. Please add one, modifying Authors@R: person(given = c("John", "D."), family = "Johnson", role = c("aut", "cre"), email = "john.d.johnson@marquette.edu") as necessary. Flavors: r-devel-linux-x86_64-debian-clang, r-devel-linux-x86_64-debian-gcc