Last updated on 2025-11-12 19:51:58 CET.
| Flavor | Version | Tinstall | Tcheck | Ttotal | Status | Flags |
|---|---|---|---|---|---|---|
| r-devel-linux-x86_64-debian-clang | 1.0.3 | 103.44 | 395.28 | 498.72 | OK | |
| r-devel-linux-x86_64-debian-gcc | 1.0.3 | 88.27 | 266.53 | 354.80 | OK | |
| r-devel-linux-x86_64-fedora-clang | 1.0.3 | 205.00 | 579.04 | 784.04 | OK | |
| r-devel-linux-x86_64-fedora-gcc | 1.0.3 | 276.00 | 560.03 | 836.03 | OK | |
| r-devel-windows-x86_64 | 1.0.3 | 120.00 | 388.00 | 508.00 | OK | |
| r-patched-linux-x86_64 | 1.0.3 | 129.07 | 387.42 | 516.49 | OK | |
| r-release-linux-x86_64 | 1.0.3 | 122.33 | 379.41 | 501.74 | OK | |
| r-release-macos-arm64 | 1.0.3 | 36.00 | 140.00 | 176.00 | OK | |
| r-release-macos-x86_64 | 1.0.3 | 100.00 | 318.00 | 418.00 | OK | |
| r-release-windows-x86_64 | 1.0.3 | 120.00 | 385.00 | 505.00 | OK | |
| r-oldrel-macos-arm64 | 1.0.3 | 39.00 | 140.00 | 179.00 | NOTE | |
| r-oldrel-macos-x86_64 | 1.0.3 | 73.00 | 217.00 | 290.00 | NOTE | |
| r-oldrel-windows-x86_64 | 1.0.3 | 146.00 | 517.00 | 663.00 | NOTE |
Version: 1.0.3
Check: installed package size
Result: NOTE
installed size is 39.8Mb
sub-directories of 1Mb or more:
libs 38.6Mb
Flavors: r-oldrel-macos-arm64, r-oldrel-macos-x86_64, r-oldrel-windows-x86_64