Last updated on 2025-02-22 07:51:42 CET.
Flavor | Version | Tinstall | Tcheck | Ttotal | Status | Flags |
---|---|---|---|---|---|---|
r-devel-linux-x86_64-debian-clang | 1.8.6 | 27.57 | 152.84 | 180.41 | NOTE | |
r-devel-linux-x86_64-debian-gcc | 1.8.6 | 19.26 | 105.34 | 124.60 | NOTE | |
r-devel-linux-x86_64-fedora-clang | 1.8.6 | 286.71 | OK | |||
r-devel-linux-x86_64-fedora-gcc | 1.8.6 | 267.64 | OK | |||
r-devel-macos-arm64 | 1.8.6 | 77.00 | OK | |||
r-devel-macos-x86_64 | 1.8.6 | 149.00 | OK | |||
r-devel-windows-x86_64 | 1.8.6 | 26.00 | 170.00 | 196.00 | NOTE | |
r-patched-linux-x86_64 | 1.8.6 | 34.71 | 142.58 | 177.29 | OK | |
r-release-linux-x86_64 | 1.8.6 | 16.97 | 140.54 | 157.51 | OK | |
r-release-macos-arm64 | 1.8.6 | 56.00 | OK | |||
r-release-macos-x86_64 | 1.8.6 | 125.00 | OK | |||
r-release-windows-x86_64 | 1.8.6 | 29.00 | 159.00 | 188.00 | OK | |
r-oldrel-macos-arm64 | 1.8.6 | 54.00 | OK | |||
r-oldrel-macos-x86_64 | 1.8.6 | 92.00 | OK | |||
r-oldrel-windows-x86_64 | 1.8.6 | 38.00 | 203.00 | 241.00 | OK |
Version: 1.8.6
Check: Rd cross-references
Result: NOTE
Found the following Rd file(s) with Rd \link{} targets missing package
anchors:
plot.Method.Rd: patchwork
plot.StepOne.Rd: patchwork
plot.StepThree.Rd: patchwork
plot.StepTwo.Rd: patchwork
plot.Validation.Rd: patchwork
Please provide package anchors for all Rd \link{} targets not in the
package itself and the base packages.
Flavors: r-devel-linux-x86_64-debian-clang, r-devel-linux-x86_64-debian-gcc, r-devel-windows-x86_64