CRAN Package Check Results for Package pps

Last updated on 2025-07-02 18:52:39 CEST.

Flavor Version Tinstall Tcheck Ttotal Status Flags
r-devel-linux-x86_64-debian-clang 1.0 1.79 20.41 22.20 NOTE
r-devel-linux-x86_64-debian-gcc 1.0 1.52 16.51 18.03 NOTE
r-devel-linux-x86_64-fedora-clang 1.0 35.66 OK
r-devel-linux-x86_64-fedora-gcc 1.0 32.41 OK
r-devel-windows-x86_64 1.0 3.00 39.00 42.00 OK
r-patched-linux-x86_64 OK
r-release-linux-x86_64 1.0 1.65 19.19 20.84 OK
r-release-macos-arm64 1.0 15.00 OK
r-release-macos-x86_64 1.0 35.00 OK
r-release-windows-x86_64 1.0 2.00 42.00 44.00 OK
r-oldrel-macos-arm64 1.0 16.00 OK
r-oldrel-macos-x86_64 1.0 30.00 OK
r-oldrel-windows-x86_64 1.0 3.00 39.00 42.00 OK

Check Details

Version: 1.0
Check: CRAN incoming feasibility
Result: NOTE Maintainer: ‘Jack G. Gambino <jack.gambino@gmail.com>’ No Authors@R field in DESCRIPTION. Please add one, modifying Authors@R: person(given = c("Jack", "G."), family = "Gambino", role = c("aut", "cre"), email = "jack.gambino@gmail.com") as necessary. Flavors: r-devel-linux-x86_64-debian-clang, r-devel-linux-x86_64-debian-gcc