Last updated on 2025-02-21 06:49:51 CET.
Flavor | Version | Tinstall | Tcheck | Ttotal | Status | Flags |
---|---|---|---|---|---|---|
r-devel-linux-x86_64-debian-clang | 0.2.5 | 8.08 | 417.81 | 425.89 | OK | |
r-devel-linux-x86_64-debian-gcc | 0.2.5 | 6.02 | 281.77 | 287.79 | OK | |
r-devel-linux-x86_64-fedora-clang | 0.2.5 | 678.98 | OK | |||
r-devel-linux-x86_64-fedora-gcc | 0.2.5 | 665.13 | OK | |||
r-devel-macos-arm64 | 0.2.5 | 194.00 | OK | |||
r-devel-macos-x86_64 | 0.2.5 | 413.00 | OK | |||
r-devel-windows-x86_64 | 0.2.5 | 10.00 | 436.00 | 446.00 | OK | |
r-patched-linux-x86_64 | 0.2.5 | 7.44 | 396.28 | 403.72 | OK | |
r-release-linux-x86_64 | 0.2.5 | 6.98 | 397.54 | 404.52 | OK | |
r-release-macos-arm64 | 0.2.5 | 198.00 | NOTE | |||
r-release-macos-x86_64 | 0.2.5 | 502.00 | NOTE | |||
r-release-windows-x86_64 | 0.2.5 | 10.00 | 449.00 | 459.00 | NOTE | |
r-oldrel-macos-arm64 | 0.2.5 | 261.00 | NOTE | |||
r-oldrel-macos-x86_64 | 0.2.5 | 541.00 | NOTE | |||
r-oldrel-windows-x86_64 | 0.2.5 | 11.00 | 526.00 | 537.00 | NOTE |
Version: 0.2.5
Check: installed package size
Result: NOTE
installed size is 11.0Mb
sub-directories of 1Mb or more:
doc 10.5Mb
Flavors: r-release-macos-arm64, r-release-macos-x86_64, r-release-windows-x86_64, r-oldrel-macos-arm64, r-oldrel-macos-x86_64, r-oldrel-windows-x86_64