Last updated on 2025-11-13 06:50:36 CET.
| Flavor | Version | Tinstall | Tcheck | Ttotal | Status | Flags |
|---|---|---|---|---|---|---|
| r-devel-linux-x86_64-debian-clang | 2.0.1 | 14.02 | 42.97 | 56.99 | OK | |
| r-devel-linux-x86_64-debian-gcc | 2.0.1 | 10.72 | 35.17 | 45.89 | OK | |
| r-devel-linux-x86_64-fedora-clang | 2.0.1 | 28.00 | 57.53 | 85.53 | OK | |
| r-devel-linux-x86_64-fedora-gcc | 2.0.1 | 29.00 | 67.37 | 96.37 | OK | |
| r-devel-windows-x86_64 | 2.0.1 | 17.00 | 59.00 | 76.00 | OK | |
| r-patched-linux-x86_64 | 2.0.1 | 12.43 | 40.60 | 53.03 | OK | |
| r-release-linux-x86_64 | 2.0.1 | 13.90 | 41.30 | 55.20 | OK | |
| r-release-macos-arm64 | 2.0.1 | 11.00 | 34.00 | 45.00 | OK | |
| r-release-macos-x86_64 | 2.0.1 | 17.00 | 55.00 | 72.00 | OK | |
| r-release-windows-x86_64 | 2.0.1 | 18.00 | 58.00 | 76.00 | OK | |
| r-oldrel-macos-arm64 | 2.0.1 | 12.00 | 32.00 | 44.00 | NOTE | |
| r-oldrel-macos-x86_64 | 2.0.1 | 14.00 | 46.00 | 60.00 | NOTE | |
| r-oldrel-windows-x86_64 | 2.0.1 | 23.00 | 72.00 | 95.00 | OK |
Version: 2.0.1
Check: installed package size
Result: NOTE
installed size is 5.9Mb
sub-directories of 1Mb or more:
R 3.0Mb
data 2.8Mb
Flavors: r-oldrel-macos-arm64, r-oldrel-macos-x86_64