Last updated on 2025-02-22 07:51:42 CET.
Flavor | Version | Tinstall | Tcheck | Ttotal | Status | Flags |
---|---|---|---|---|---|---|
r-devel-linux-x86_64-debian-clang | 0.8-36 | 13.86 | 86.67 | 100.53 | NOTE | |
r-devel-linux-x86_64-debian-gcc | 0.8-36 | 7.38 | 62.02 | 69.40 | NOTE | |
r-devel-linux-x86_64-fedora-clang | 0.8-36 | 158.47 | OK | |||
r-devel-linux-x86_64-fedora-gcc | 0.8-36 | 146.60 | OK | |||
r-devel-macos-arm64 | 0.8-36 | 43.00 | OK | |||
r-devel-macos-x86_64 | 0.8-36 | 87.00 | OK | |||
r-devel-windows-x86_64 | 0.8-36 | 14.00 | 104.00 | 118.00 | NOTE | |
r-patched-linux-x86_64 | 0.8-36 | 14.39 | 81.90 | 96.29 | OK | |
r-release-linux-x86_64 | 0.8-36 | 9.92 | 86.38 | 96.30 | OK | |
r-release-macos-arm64 | 0.8-36 | 41.00 | OK | |||
r-release-macos-x86_64 | 0.8-36 | 79.00 | OK | |||
r-release-windows-x86_64 | 0.8-36 | 15.00 | 112.00 | 127.00 | OK | |
r-oldrel-macos-arm64 | 0.8-36 | 50.00 | OK | |||
r-oldrel-macos-x86_64 | 0.8-36 | 132.00 | OK | |||
r-oldrel-windows-x86_64 | 0.8-36 | 15.00 | 128.00 | 143.00 | OK |
Version: 0.8-36
Check: Rd cross-references
Result: NOTE
Found the following Rd file(s) with Rd \link{} targets missing package
anchors:
llbt.worth.Rd: gnm
Please provide package anchors for all Rd \link{} targets not in the
package itself and the base packages.
Flavors: r-devel-linux-x86_64-debian-clang, r-devel-linux-x86_64-debian-gcc, r-devel-windows-x86_64