Last updated on 2025-02-22 07:51:42 CET.
Flavor | Version | Tinstall | Tcheck | Ttotal | Status | Flags |
---|---|---|---|---|---|---|
r-devel-linux-x86_64-debian-clang | 0.0.1 | 8.68 | 36.92 | 45.60 | OK | |
r-devel-linux-x86_64-debian-gcc | 0.0.1 | 6.34 | 28.40 | 34.74 | OK | |
r-devel-linux-x86_64-fedora-clang | 0.0.1 | 68.98 | OK | |||
r-devel-linux-x86_64-fedora-gcc | 0.0.1 | 65.92 | OK | |||
r-devel-macos-arm64 | 0.0.1 | 32.00 | OK | |||
r-devel-macos-x86_64 | 0.0.1 | 62.00 | OK | |||
r-devel-windows-x86_64 | 0.0.1 | 9.00 | 67.00 | 76.00 | OK | |
r-patched-linux-x86_64 | 0.0.1 | 7.88 | 35.05 | 42.93 | OK | |
r-release-linux-x86_64 | 0.0.1 | 7.63 | 35.62 | 43.25 | OK | |
r-release-macos-arm64 | 0.0.1 | 29.00 | OK | |||
r-release-macos-x86_64 | 0.0.1 | 42.00 | NOTE | |||
r-release-windows-x86_64 | 0.0.1 | 9.00 | 61.00 | 70.00 | OK | |
r-oldrel-macos-arm64 | 0.0.1 | 31.00 | OK | |||
r-oldrel-macos-x86_64 | 0.0.1 | 47.00 | NOTE | |||
r-oldrel-windows-x86_64 | 0.0.1 | 12.00 | 67.00 | 79.00 | OK |
Version: 0.0.1
Check: installed package size
Result: NOTE
installed size is 5.0Mb
sub-directories of 1Mb or more:
data 4.9Mb
Flavors: r-release-macos-x86_64, r-oldrel-macos-x86_64