Last updated on 2025-11-11 07:51:39 CET.
| Flavor | Version | Tinstall | Tcheck | Ttotal | Status | Flags |
|---|---|---|---|---|---|---|
| r-devel-linux-x86_64-debian-clang | 1.0.1 | 21.24 | 190.50 | 211.74 | OK | |
| r-devel-linux-x86_64-debian-gcc | 1.0.1 | 13.94 | 133.50 | 147.44 | OK | |
| r-devel-linux-x86_64-fedora-clang | 1.0.1 | 49.00 | 275.35 | 324.35 | OK | |
| r-devel-linux-x86_64-fedora-gcc | 1.0.1 | 46.00 | 272.96 | 318.96 | OK | |
| r-devel-windows-x86_64 | 1.0.1 | 20.00 | 160.00 | 180.00 | OK | |
| r-patched-linux-x86_64 | 1.0.1 | 18.36 | 175.47 | 193.83 | OK | |
| r-release-linux-x86_64 | 1.0.1 | 19.82 | 180.07 | 199.89 | OK | |
| r-release-macos-arm64 | 1.0.1 | 5.00 | ERROR | |||
| r-release-macos-x86_64 | 1.0.1 | 25.00 | 158.00 | 183.00 | OK | |
| r-release-windows-x86_64 | 1.0.1 | 19.00 | 162.00 | 181.00 | OK | |
| r-oldrel-macos-arm64 | 1.0.1 | 11.00 | 77.00 | 88.00 | OK | |
| r-oldrel-macos-x86_64 | 1.0.1 | 19.00 | 120.00 | 139.00 | OK | |
| r-oldrel-windows-x86_64 | 1.0.1 | 22.00 | 213.00 | 235.00 | OK |
Version: 1.0.1
Check: package dependencies
Result: ERROR
Package required but not available: ‘org.Hs.eg.db’
See section ‘The DESCRIPTION file’ in the ‘Writing R Extensions’
manual.
Flavor: r-release-macos-arm64