Last updated on 2025-04-29 06:49:51 CEST.
Flavor | Version | Tinstall | Tcheck | Ttotal | Status | Flags |
---|---|---|---|---|---|---|
r-devel-linux-x86_64-debian-clang | 4.4 | 5.55 | 75.55 | 81.10 | OK | |
r-devel-linux-x86_64-debian-gcc | 4.4 | 4.95 | 49.67 | 54.62 | NOTE | |
r-devel-linux-x86_64-fedora-clang | 4.4 | 141.72 | OK | |||
r-devel-linux-x86_64-fedora-gcc | 4.4 | 126.79 | OK | |||
r-devel-windows-x86_64 | 4.4 | 8.00 | 103.00 | 111.00 | OK | |
r-patched-linux-x86_64 | 4.4 | 8.33 | 72.12 | 80.45 | OK | |
r-release-linux-x86_64 | 4.4 | 6.22 | 72.05 | 78.27 | OK | |
r-release-macos-arm64 | 4.4 | 34.00 | OK | |||
r-release-macos-x86_64 | 4.4 | 72.00 | OK | |||
r-release-windows-x86_64 | 4.4 | 8.00 | 108.00 | 116.00 | OK | |
r-oldrel-macos-arm64 | 4.4 | 45.00 | OK | |||
r-oldrel-macos-x86_64 | 4.4 | 84.00 | OK | |||
r-oldrel-windows-x86_64 | 4.4 | 7.00 | 129.00 | 136.00 | OK |
Version: 4.4
Check: examples
Result: NOTE
Examples with CPU (user + system) or elapsed time > 5s
user system elapsed
procrustes 4.777 0.009 5.756
Flavor: r-devel-linux-x86_64-debian-gcc