Last updated on 2025-11-13 06:50:36 CET.
| Flavor | Version | Tinstall | Tcheck | Ttotal | Status | Flags |
|---|---|---|---|---|---|---|
| r-devel-linux-x86_64-debian-clang | 0.1.2 | 28.91 | 116.20 | 145.11 | OK | |
| r-devel-linux-x86_64-debian-gcc | 0.1.2 | 21.23 | 94.45 | 115.68 | OK | |
| r-devel-linux-x86_64-fedora-clang | 0.1.2 | 55.00 | 175.58 | 230.58 | OK | |
| r-devel-linux-x86_64-fedora-gcc | 0.1.2 | 52.00 | 183.95 | 235.95 | OK | |
| r-devel-windows-x86_64 | 0.1.2 | 35.00 | 163.00 | 198.00 | OK | |
| r-patched-linux-x86_64 | 0.1.2 | 30.53 | 111.27 | 141.80 | OK | |
| r-release-linux-x86_64 | 0.1.2 | 28.79 | 110.96 | 139.75 | OK | |
| r-release-macos-arm64 | 0.1.2 | 13.00 | 111.00 | 124.00 | OK | |
| r-release-macos-x86_64 | 0.1.2 | 21.00 | 162.00 | 183.00 | OK | |
| r-release-windows-x86_64 | 0.1.2 | 36.00 | 161.00 | 197.00 | OK | |
| r-oldrel-macos-arm64 | 0.1.2 | 13.00 | 106.00 | 119.00 | NOTE | |
| r-oldrel-macos-x86_64 | 0.1.2 | 20.00 | 161.00 | 181.00 | NOTE | |
| r-oldrel-windows-x86_64 | 0.1.2 | 41.00 | 194.00 | 235.00 | OK |
Version: 0.1.2
Check: installed package size
Result: NOTE
installed size is 10.2Mb
sub-directories of 1Mb or more:
libs 10.0Mb
Flavors: r-oldrel-macos-arm64, r-oldrel-macos-x86_64