Last updated on 2025-10-21 18:50:00 CEST.
Flavor | Version | Tinstall | Tcheck | Ttotal | Status | Flags |
---|---|---|---|---|---|---|
r-devel-linux-x86_64-debian-clang | 0.0.4 | 5.92 | 63.98 | 69.90 | NOTE | |
r-devel-linux-x86_64-debian-gcc | 0.0.4 | 4.05 | 45.84 | 49.89 | NOTE | |
r-devel-linux-x86_64-fedora-clang | 0.0.4 | 16.00 | 94.69 | 110.69 | NOTE | |
r-devel-linux-x86_64-fedora-gcc | 0.0.4 | 23.00 | 95.98 | 118.98 | NOTE | |
r-devel-windows-x86_64 | 0.0.4 | 7.00 | 74.00 | 81.00 | NOTE | |
r-patched-linux-x86_64 | 0.0.4 | 5.49 | 56.99 | 62.48 | NOTE | |
r-release-linux-x86_64 | 0.0.4 | 5.03 | 57.62 | 62.65 | NOTE | |
r-release-macos-arm64 | 0.0.4 | 3.00 | 33.00 | 36.00 | NOTE | |
r-release-macos-x86_64 | 0.0.4 | 5.00 | 59.00 | 64.00 | NOTE | |
r-release-windows-x86_64 | 0.0.4 | 8.00 | 75.00 | 83.00 | NOTE | |
r-oldrel-macos-arm64 | 0.0.4 | 3.00 | 41.00 | 44.00 | OK | |
r-oldrel-macos-x86_64 | 0.0.4 | 8.00 | 95.00 | 103.00 | OK | |
r-oldrel-windows-x86_64 | 0.0.4 | 9.00 | 89.00 | 98.00 | OK |
Version: 0.0.4
Check: DESCRIPTION meta-information
Result: NOTE
Missing dependency on R >= 4.1.0 because package code uses the pipe
|> or function shorthand \(...) syntax added in R 4.1.0.
File(s) using such syntax:
‘da.Rd’ ‘da_object_oriented_functions.R’
‘higher_level_disprop_analysis.R’ ‘lower_level_disprop_analysis.R’
‘print.da.Rd’
Flavors: r-devel-linux-x86_64-debian-clang, r-devel-linux-x86_64-debian-gcc, r-devel-linux-x86_64-fedora-clang, r-devel-linux-x86_64-fedora-gcc, r-devel-windows-x86_64, r-patched-linux-x86_64, r-release-linux-x86_64, r-release-macos-arm64, r-release-windows-x86_64
Version: 0.0.4
Check: DESCRIPTION meta-information
Result: NOTE
Missing dependency on R >= 4.1.0 because package code uses the pipe
|> or function shorthand \(...) syntax added in R 4.1.0.
File(s) using such syntax:
‘da_object_oriented_functions.R’ ‘higher_level_disprop_analysis.R’
‘lower_level_disprop_analysis.R’
Flavor: r-release-macos-x86_64