Last updated on 2025-02-22 07:51:43 CET.
Flavor | Version | Tinstall | Tcheck | Ttotal | Status | Flags |
---|---|---|---|---|---|---|
r-devel-linux-x86_64-debian-clang | 1.3.4 | 14.24 | 333.98 | 348.22 | OK | |
r-devel-linux-x86_64-debian-gcc | 1.3.4 | 9.75 | 264.42 | 274.17 | OK | |
r-devel-linux-x86_64-fedora-clang | 1.3.4 | 534.72 | OK | |||
r-devel-linux-x86_64-fedora-gcc | 1.3.4 | 581.78 | OK | |||
r-devel-macos-arm64 | 1.3.4 | 240.00 | OK | |||
r-devel-macos-x86_64 | 1.3.4 | 384.00 | OK | |||
r-devel-windows-x86_64 | 1.3.4 | 16.00 | 333.00 | 349.00 | OK | |
r-patched-linux-x86_64 | 1.3.4 | 13.58 | 342.53 | 356.11 | OK | |
r-release-linux-x86_64 | 1.3.4 | 13.85 | 340.27 | 354.12 | OK | |
r-release-macos-arm64 | 1.3.4 | 215.00 | NOTE | |||
r-release-macos-x86_64 | 1.3.4 | 306.00 | NOTE | |||
r-release-windows-x86_64 | 1.3.4 | 16.00 | 338.00 | 354.00 | NOTE | |
r-oldrel-macos-arm64 | 1.3.4 | 235.00 | NOTE | |||
r-oldrel-macos-x86_64 | 1.3.4 | 375.00 | NOTE | |||
r-oldrel-windows-x86_64 | 1.3.4 | 21.00 | 407.00 | 428.00 | NOTE |
Version: 1.3.4
Check: installed package size
Result: NOTE
installed size is 6.0Mb
sub-directories of 1Mb or more:
doc 5.2Mb
Flavors: r-release-macos-arm64, r-release-macos-x86_64, r-release-windows-x86_64, r-oldrel-macos-arm64, r-oldrel-macos-x86_64, r-oldrel-windows-x86_64