Last updated on 2025-10-22 21:50:15 CEST.
Flavor | Version | Tinstall | Tcheck | Ttotal | Status | Flags |
---|---|---|---|---|---|---|
r-devel-linux-x86_64-debian-clang | 1.4.1 | 318.40 | 25.91 | 344.31 | OK | |
r-devel-linux-x86_64-debian-gcc | 1.4.1 | 246.66 | 20.74 | 267.40 | OK | |
r-devel-linux-x86_64-fedora-clang | 1.4.1 | 720.00 | -86.17 | 633.83 | OK | |
r-devel-linux-x86_64-fedora-gcc | 1.4.1 | 720.00 | 10.59 | 730.59 | OK | |
r-devel-windows-x86_64 | 1.4.1 | 352.00 | 79.00 | 431.00 | OK | |
r-patched-linux-x86_64 | 1.4.1 | 345.91 | 24.45 | 370.36 | OK | |
r-release-linux-x86_64 | 1.4.1 | 357.94 | 24.48 | 382.42 | OK | |
r-release-macos-arm64 | 1.4.1 | 144.00 | 19.00 | 163.00 | OK | |
r-release-macos-x86_64 | 1.4.1 | 135.00 | 32.00 | 167.00 | OK | |
r-release-windows-x86_64 | 1.4.1 | 356.00 | 84.00 | 440.00 | OK | |
r-oldrel-macos-arm64 | 1.4.1 | 139.00 | 24.00 | 163.00 | NOTE | |
r-oldrel-macos-x86_64 | 1.4.1 | 131.00 | 36.00 | 167.00 | NOTE | |
r-oldrel-windows-x86_64 | 1.4.1 | 437.00 | 117.00 | 554.00 | OK |
Version: 1.4.1
Check: installed package size
Result: NOTE
installed size is 5.1Mb
sub-directories of 1Mb or more:
libs 5.0Mb
Flavors: r-oldrel-macos-arm64, r-oldrel-macos-x86_64