Last updated on 2025-11-11 18:50:03 CET.
| Flavor | Version | Tinstall | Tcheck | Ttotal | Status | Flags |
|---|---|---|---|---|---|---|
| r-devel-linux-x86_64-debian-clang | 4.3.1 | 158.53 | 272.74 | 431.27 | OK | |
| r-devel-linux-x86_64-debian-gcc | 4.3.1 | 112.19 | 185.91 | 298.10 | OK | |
| r-devel-linux-x86_64-fedora-clang | 4.3.1 | 227.00 | 494.45 | 721.45 | OK | |
| r-devel-linux-x86_64-fedora-gcc | 4.3.1 | 288.00 | 468.54 | 756.54 | OK | |
| r-devel-windows-x86_64 | 4.3.1 | 217.00 | 310.00 | 527.00 | OK | |
| r-patched-linux-x86_64 | 4.3.1 | 175.79 | 259.46 | 435.25 | OK | |
| r-release-linux-x86_64 | 4.3.1 | 171.39 | 258.58 | 429.97 | OK | |
| r-release-macos-arm64 | 4.3.1 | 46.00 | 122.00 | 168.00 | OK | |
| r-release-macos-x86_64 | 4.3.1 | 87.00 | 255.00 | 342.00 | OK | |
| r-release-windows-x86_64 | 4.3.1 | 218.00 | 307.00 | 525.00 | OK | |
| r-oldrel-macos-arm64 | 4.3.1 | 45.00 | 117.00 | 162.00 | NOTE | |
| r-oldrel-macos-x86_64 | 4.3.1 | 92.00 | 250.00 | 342.00 | NOTE | |
| r-oldrel-windows-x86_64 | 4.3.1 | 254.00 | 409.00 | 663.00 | OK |
Version: 4.3.1
Check: installed package size
Result: NOTE
installed size is 9.3Mb
sub-directories of 1Mb or more:
libs 6.8Mb
Flavors: r-oldrel-macos-arm64, r-oldrel-macos-x86_64