Last updated on 2025-07-01 18:48:41 CEST.
Flavor | Version | Tinstall | Tcheck | Ttotal | Status | Flags |
---|---|---|---|---|---|---|
r-devel-linux-x86_64-debian-clang | 1.0 | 24.56 | 30.11 | 54.67 | OK | |
r-devel-linux-x86_64-debian-gcc | 1.0 | 16.75 | 23.92 | 40.67 | OK | |
r-devel-linux-x86_64-fedora-clang | 1.0 | 104.05 | OK | |||
r-devel-linux-x86_64-fedora-gcc | 1.0 | 89.26 | OK | |||
r-devel-windows-x86_64 | 1.0 | 31.00 | 65.00 | 96.00 | OK | |
r-patched-linux-x86_64 | OK | |||||
r-release-linux-x86_64 | 1.0 | 23.76 | 28.21 | 51.97 | OK | |
r-release-macos-arm64 | 1.0 | 32.00 | OK | |||
r-release-macos-x86_64 | 1.0 | 39.00 | OK | |||
r-release-windows-x86_64 | 1.0 | 31.00 | 68.00 | 99.00 | OK | |
r-oldrel-macos-arm64 | 1.0 | 30.00 | NOTE | |||
r-oldrel-macos-x86_64 | 1.0 | 36.00 | NOTE | |||
r-oldrel-windows-x86_64 | 1.0 | 38.00 | 77.00 | 115.00 | NOTE |
Version: 1.0
Check: LazyData
Result: NOTE
'LazyData' is specified without a 'data' directory
Flavors: r-oldrel-macos-arm64, r-oldrel-macos-x86_64, r-oldrel-windows-x86_64