CRAN Package Check Results for Package r2country

Last updated on 2025-02-22 07:51:43 CET.

Flavor Version Tinstall Tcheck Ttotal Status Flags
r-devel-linux-x86_64-debian-clang 2.0.2.4.0 4.39 24.09 28.48 OK
r-devel-linux-x86_64-debian-gcc 2.0.2.4.0 3.16 20.12 23.28 OK
r-devel-linux-x86_64-fedora-clang 2.0.2.4.0 47.07 NOTE
r-devel-linux-x86_64-fedora-gcc 2.0.2.4.0 58.89 NOTE
r-devel-macos-arm64 2.0.2.4.0 27.00 OK
r-devel-macos-x86_64 2.0.2.4.0 42.00 OK
r-devel-windows-x86_64 2.0.2.4.0 7.00 58.00 65.00 OK
r-patched-linux-x86_64 2.0.2.4.0 4.83 23.18 28.01 OK
r-release-linux-x86_64 2.0.2.4.0 4.13 23.09 27.22 OK
r-release-macos-arm64 2.0.2.4.0 24.00 OK
r-release-macos-x86_64 2.0.2.4.0 63.00 OK
r-release-windows-x86_64 2.0.2.4.0 6.00 52.00 58.00 OK
r-oldrel-macos-arm64 2.0.2.4.0 29.00 WARN
r-oldrel-macos-x86_64 2.0.2.4.0 85.00 WARN
r-oldrel-windows-x86_64 2.0.2.4.0 5.00 53.00 58.00 WARN

Check Details

Version: 2.0.2.4.0
Check: dependencies in R code
Result: NOTE Namespaces in Imports field not imported from: ‘quickcode’ ‘stats’ ‘utils’ All declared Imports should be used. Flavors: r-devel-linux-x86_64-fedora-clang, r-devel-linux-x86_64-fedora-gcc

Version: 2.0.2.4.0
Check: data for ASCII and uncompressed saves
Result: WARN Warning: package needs dependence on R (>= 2.10) Flavors: r-oldrel-macos-arm64, r-oldrel-macos-x86_64, r-oldrel-windows-x86_64