Last updated on 2025-02-21 06:49:51 CET.
Flavor | Version | Tinstall | Tcheck | Ttotal | Status | Flags |
---|---|---|---|---|---|---|
r-devel-linux-x86_64-debian-clang | 0.1.0 | 5.21 | 43.54 | 48.75 | NOTE | |
r-devel-linux-x86_64-debian-gcc | 0.1.0 | 4.09 | 31.83 | 35.92 | NOTE | |
r-devel-linux-x86_64-fedora-clang | 0.1.0 | 77.55 | NOTE | |||
r-devel-linux-x86_64-fedora-gcc | 0.1.0 | 73.87 | NOTE | |||
r-devel-macos-arm64 | 0.1.0 | 27.00 | NOTE | |||
r-devel-macos-x86_64 | 0.1.0 | 57.00 | NOTE | |||
r-devel-windows-x86_64 | 0.1.0 | 7.00 | 68.00 | 75.00 | NOTE | |
r-patched-linux-x86_64 | 0.1.0 | 5.63 | 40.69 | 46.32 | NOTE | |
r-release-linux-x86_64 | 0.1.0 | 4.42 | 40.51 | 44.93 | NOTE | |
r-release-macos-arm64 | 0.1.0 | 27.00 | NOTE | |||
r-release-macos-x86_64 | 0.1.0 | 39.00 | NOTE | |||
r-release-windows-x86_64 | 0.1.0 | 8.00 | 61.00 | 69.00 | NOTE | |
r-oldrel-macos-arm64 | 0.1.0 | 27.00 | NOTE | |||
r-oldrel-macos-x86_64 | 0.1.0 | 41.00 | NOTE | |||
r-oldrel-windows-x86_64 | 0.1.0 | 9.00 | 69.00 | 78.00 | NOTE |
Version: 0.1.0
Check: Rd files
Result: NOTE
checkRd: (-1) extract_class.Rd:18: Lost braces in \itemize; \value handles \item{}{} directly
checkRd: (-1) extract_class.Rd:19: Lost braces in \itemize; \value handles \item{}{} directly
checkRd: (-1) extract_class.Rd:20: Lost braces in \itemize; \value handles \item{}{} directly
Flavors: r-devel-linux-x86_64-debian-clang, r-devel-linux-x86_64-debian-gcc, r-devel-linux-x86_64-fedora-clang, r-devel-linux-x86_64-fedora-gcc, r-devel-macos-arm64, r-devel-macos-x86_64, r-devel-windows-x86_64, r-patched-linux-x86_64, r-release-linux-x86_64, r-release-macos-arm64, r-release-macos-x86_64, r-release-windows-x86_64
Version: 0.1.0
Check: LazyData
Result: NOTE
'LazyData' is specified without a 'data' directory
Flavors: r-patched-linux-x86_64, r-release-linux-x86_64, r-release-macos-arm64, r-release-macos-x86_64, r-release-windows-x86_64, r-oldrel-macos-arm64, r-oldrel-macos-x86_64, r-oldrel-windows-x86_64