Last updated on 2025-02-22 07:51:44 CET.
Flavor | Version | Tinstall | Tcheck | Ttotal | Status | Flags |
---|---|---|---|---|---|---|
r-devel-linux-x86_64-debian-clang | 0.99.6 | 5.39 | 102.15 | 107.54 | OK | |
r-devel-linux-x86_64-debian-gcc | 0.99.6 | 3.75 | 72.20 | 75.95 | OK | |
r-devel-linux-x86_64-fedora-clang | 0.99.6 | 171.80 | NOTE | |||
r-devel-linux-x86_64-fedora-gcc | 0.99.6 | 172.18 | NOTE | |||
r-devel-macos-arm64 | 0.99.6 | 60.00 | OK | |||
r-devel-macos-x86_64 | 0.99.6 | 116.00 | OK | |||
r-devel-windows-x86_64 | 0.99.6 | 6.00 | 117.00 | 123.00 | OK | |
r-patched-linux-x86_64 | 0.99.6 | 5.22 | 95.63 | 100.85 | NOTE | |
r-release-linux-x86_64 | 0.99.6 | 4.35 | 94.76 | 99.11 | NOTE | |
r-release-macos-arm64 | 0.99.6 | 57.00 | NOTE | |||
r-release-macos-x86_64 | 0.99.6 | 89.00 | NOTE | |||
r-release-windows-x86_64 | 0.99.6 | 6.00 | 115.00 | 121.00 | NOTE | |
r-oldrel-macos-arm64 | 0.99.6 | 58.00 | NOTE | |||
r-oldrel-macos-x86_64 | 0.99.6 | 84.00 | NOTE | |||
r-oldrel-windows-x86_64 | 0.99.6 | 6.00 | 139.00 | 145.00 | NOTE |
Version: 0.99.6
Check: dependencies in R code
Result: NOTE
Namespace in Imports field not imported from: ‘data.table’
All declared Imports should be used.
Flavors: r-devel-linux-x86_64-fedora-clang, r-devel-linux-x86_64-fedora-gcc
Version: 0.99.6
Check: LazyData
Result: NOTE
'LazyData' is specified without a 'data' directory
Flavors: r-patched-linux-x86_64, r-release-linux-x86_64, r-release-macos-arm64, r-release-macos-x86_64, r-release-windows-x86_64, r-oldrel-macos-arm64, r-oldrel-macos-x86_64, r-oldrel-windows-x86_64