Last updated on 2025-10-24 07:50:02 CEST.
| Flavor | Version | Tinstall | Tcheck | Ttotal | Status | Flags |
|---|---|---|---|---|---|---|
| r-devel-linux-x86_64-debian-clang | 1.5 | 2.97 | 30.42 | 33.39 | NOTE | |
| r-devel-linux-x86_64-debian-gcc | 1.5 | 2.32 | 23.22 | 25.54 | NOTE | |
| r-devel-linux-x86_64-fedora-clang | 1.5 | 48.16 | OK | |||
| r-devel-linux-x86_64-fedora-gcc | 1.5 | 46.64 | OK | |||
| r-devel-windows-x86_64 | 1.5 | 5.00 | 55.00 | 60.00 | OK | |
| r-patched-linux-x86_64 | 1.5 | 3.85 | 28.52 | 32.37 | OK | |
| r-release-linux-x86_64 | 1.5 | 3.17 | 28.87 | 32.04 | OK | |
| r-release-macos-arm64 | 1.5 | 2.00 | 16.00 | 18.00 | OK | |
| r-release-macos-x86_64 | 1.5 | 3.00 | 36.00 | 39.00 | OK | |
| r-release-windows-x86_64 | 1.5 | 4.00 | 57.00 | 61.00 | OK | |
| r-oldrel-macos-arm64 | 1.5 | 1.00 | 17.00 | 18.00 | OK | |
| r-oldrel-macos-x86_64 | 1.5 | 3.00 | 27.00 | 30.00 | OK | |
| r-oldrel-windows-x86_64 | 1.5 | 5.00 | 62.00 | 67.00 | OK |
Version: 1.5
Check: CRAN incoming feasibility
Result: NOTE
Maintainer: ‘Martin Zaefferer <martin.zaefferer@gmx.de>’
No Authors@R field in DESCRIPTION.
Please add one, modifying
Authors@R: c(person(given = "Wolfgang",
family = "Konen",
role = "aut",
email = "wolfgang.konen@fh-koeln.de"),
person(given = "Martin",
family = "Zaefferer",
role = c("aut", "cre"),
email = "martin.zaefferer@gmx.de"),
person(given = c("Patrick", "Koch;", "Bug"),
family = "hunting",
role = "aut"),
person(given = c("testing", "by", "Ayodele"),
family = "Fasika",
role = "aut"),
person(given = "Ashwin",
family = "Kumar",
role = "aut"),
person(given = "Prawyn",
family = "Jebakumar",
role = "aut"))
as necessary.
Flavors: r-devel-linux-x86_64-debian-clang, r-devel-linux-x86_64-debian-gcc
Version: 1.5
Check: HTML version of manual
Result: NOTE
Found the following HTML validation problems:
sfaCheckCondition.html:50:1 (sfaCheckCondition.Rd:12): Warning: missing </ul> before </div>
Flavor: r-devel-linux-x86_64-debian-clang