CRAN Package Check Results for Package rappdirs

Last updated on 2025-02-22 07:51:43 CET.

Flavor Version Tinstall Tcheck Ttotal Status Flags
r-devel-linux-x86_64-debian-clang 0.3.3 2.55 19.72 22.27 NOTE
r-devel-linux-x86_64-debian-gcc 0.3.3 2.02 15.60 17.62 NOTE
r-devel-linux-x86_64-fedora-clang 0.3.3 34.78 NOTE
r-devel-linux-x86_64-fedora-gcc 0.3.3 33.10 NOTE
r-devel-macos-arm64 0.3.3 16.00 NOTE
r-devel-macos-x86_64 0.3.3 29.00 NOTE
r-devel-windows-x86_64 0.3.3 9.00 50.00 59.00 NOTE
r-patched-linux-x86_64 0.3.3 6.68 18.92 25.60 NOTE
r-release-linux-x86_64 0.3.3 1.82 18.79 20.61 NOTE
r-release-macos-arm64 0.3.3 23.00 NOTE
r-release-macos-x86_64 0.3.3 24.00 NOTE
r-release-windows-x86_64 0.3.3 10.00 43.00 53.00 NOTE
r-oldrel-macos-arm64 0.3.3 16.00 OK
r-oldrel-macos-x86_64 0.3.3 22.00 OK
r-oldrel-windows-x86_64 0.3.3 8.00 46.00 54.00 OK

Check Details

Version: 0.3.3
Check: Rd files
Result: NOTE checkRd: (-1) user_log_dir.Rd:48: Lost braces 48 | \\env{$XDG_CACHE_HOME} if defined | ^ Flavors: r-devel-linux-x86_64-debian-clang, r-devel-linux-x86_64-debian-gcc, r-devel-linux-x86_64-fedora-clang, r-devel-linux-x86_64-fedora-gcc, r-devel-macos-arm64, r-devel-macos-x86_64, r-devel-windows-x86_64, r-patched-linux-x86_64, r-release-linux-x86_64, r-release-macos-arm64, r-release-macos-x86_64, r-release-windows-x86_64